CRAN Package Check Results for Package BayesESS

Last updated on 2024-04-20 05:58:46 CEST.

Flavor Version Tinstall Tcheck Ttotal Status Flags
r-devel-linux-x86_64-debian-clang 0.1.19 66.71 85.74 152.45 NOTE
r-devel-linux-x86_64-debian-gcc 0.1.19 48.09 63.46 111.55 NOTE
r-devel-linux-x86_64-fedora-clang 0.1.19 203.16 NOTE
r-devel-linux-x86_64-fedora-gcc 0.1.19 195.85 NOTE
r-prerel-macos-arm64 0.1.19 50.00 NOTE
r-prerel-windows-x86_64 0.1.19 50.00 99.00 149.00 NOTE
r-patched-linux-x86_64 0.1.19 66.58 80.76 147.34 NOTE
r-release-linux-x86_64 0.1.19 64.38 83.73 148.11 NOTE
r-release-macos-arm64 0.1.19 59.00 NOTE
r-release-macos-x86_64 0.1.19 95.00 NOTE
r-release-windows-x86_64 0.1.19 64.00 117.00 181.00 NOTE
r-oldrel-macos-arm64 0.1.19 69.00 NOTE
r-oldrel-windows-x86_64 0.1.19 62.00 111.00 173.00 NOTE

Check Details

Version: 0.1.19
Check: LazyData
Result: NOTE 'LazyData' is specified without a 'data' directory Flavors: r-devel-linux-x86_64-debian-clang, r-devel-linux-x86_64-debian-gcc, r-devel-linux-x86_64-fedora-clang, r-devel-linux-x86_64-fedora-gcc, r-prerel-macos-arm64, r-prerel-windows-x86_64, r-patched-linux-x86_64, r-release-linux-x86_64, r-release-macos-arm64, r-release-macos-x86_64, r-release-windows-x86_64, r-oldrel-macos-arm64, r-oldrel-windows-x86_64

Version: 0.1.19
Check: dependencies in R code
Result: NOTE Namespaces in Imports field not imported from: ‘MASS’ ‘MatrixModels’ All declared Imports should be used. Flavors: r-devel-linux-x86_64-fedora-clang, r-devel-linux-x86_64-fedora-gcc, r-oldrel-macos-arm64