Last updated on 2023-06-08 05:58:03 CEST.
Flavor | Version | Tinstall | Tcheck | Ttotal | Status | Flags |
---|---|---|---|---|---|---|
r-devel-linux-x86_64-debian-clang | 0.1-2 | 52.66 | 34.54 | 87.20 | NOTE | |
r-devel-linux-x86_64-debian-gcc | 0.1-2 | 35.75 | 26.71 | 62.46 | NOTE | |
r-devel-linux-x86_64-fedora-clang | 0.1-2 | 120.50 | NOTE | |||
r-devel-linux-x86_64-fedora-gcc | 0.1-2 | 118.82 | NOTE | |||
r-devel-windows-x86_64 | 0.1-2 | 39.00 | 81.00 | 120.00 | NOTE | |
r-patched-linux-x86_64 | 0.1-2 | 43.39 | 33.58 | 76.97 | NOTE | |
r-release-linux-x86_64 | 0.1-2 | 35.38 | 33.25 | 68.63 | NOTE | |
r-release-macos-arm64 | 0.1-2 | 34.00 | NOTE | |||
r-release-macos-x86_64 | 0.1-2 | 50.00 | NOTE | |||
r-release-windows-x86_64 | 0.1-2 | 48.00 | 72.00 | 120.00 | NOTE | |
r-oldrel-macos-arm64 | 0.1-2 | 39.00 | OK | |||
r-oldrel-macos-x86_64 | 0.1-2 | 44.00 | OK | |||
r-oldrel-windows-x86_64 | 0.1-2 | 49.00 | 75.00 | 124.00 | OK |
Version: 0.1-2
Check: Rd files
Result: NOTE
checkRd: (-1) BayesComm-package.Rd:33: Escaped LaTeX specials: \&
Flavors: r-devel-linux-x86_64-debian-clang, r-devel-linux-x86_64-debian-gcc, r-devel-linux-x86_64-fedora-clang, r-devel-linux-x86_64-fedora-gcc, r-devel-windows-x86_64, r-patched-linux-x86_64, r-release-linux-x86_64, r-release-macos-arm64, r-release-macos-x86_64, r-release-windows-x86_64
Version: 0.1-2
Check: compiled code
Result: NOTE
File ‘BayesComm/libs/BayesComm.so’:
Found no calls to: ‘R_registerRoutines’, ‘R_useDynamicSymbols’
It is good practice to register native routines and to disable symbol
search.
See ‘Writing portable packages’ in the ‘Writing R Extensions’ manual.
Flavors: r-devel-linux-x86_64-fedora-clang, r-devel-linux-x86_64-fedora-gcc