Last updated on 2023-06-09 05:54:52 CEST.
Flavor | Version | Tinstall | Tcheck | Ttotal | Status | Flags |
---|---|---|---|---|---|---|
r-devel-linux-x86_64-debian-clang | 1.3.1 | 69.98 | 34.34 | 104.32 | OK | |
r-devel-linux-x86_64-debian-gcc | 1.3.1 | 53.43 | 26.94 | 80.37 | OK | |
r-devel-linux-x86_64-fedora-clang | 1.3.1 | 146.99 | OK | |||
r-devel-linux-x86_64-fedora-gcc | 1.3.1 | 148.87 | OK | |||
r-devel-windows-x86_64 | 1.3.1 | 53.00 | 72.00 | 125.00 | OK | |
r-patched-linux-x86_64 | 1.3.1 | 57.71 | 33.99 | 91.70 | OK | |
r-release-linux-x86_64 | 1.3.1 | 55.93 | 34.18 | 90.11 | OK | |
r-release-macos-arm64 | 1.3.1 | 43.00 | NOTE | |||
r-release-macos-x86_64 | 1.3.1 | 69.00 | NOTE | |||
r-release-windows-x86_64 | 1.3.1 | 66.00 | 81.00 | 147.00 | OK | |
r-oldrel-macos-arm64 | 1.3.1 | 38.00 | NOTE | |||
r-oldrel-macos-x86_64 | 1.3.1 | 55.00 | NOTE | |||
r-oldrel-windows-x86_64 | 1.3.1 | 65.00 | 74.00 | 139.00 | OK |
Version: 1.3.1
Check: installed package size
Result: NOTE
installed size is 6.3Mb
sub-directories of 1Mb or more:
data 2.8Mb
libs 3.4Mb
Flavors: r-release-macos-arm64, r-release-macos-x86_64, r-oldrel-macos-arm64, r-oldrel-macos-x86_64