CRAN Package Check Results for Package BHMSMAfMRI

Last updated on 2023-06-05 05:54:30 CEST.

Flavor Version Tinstall Tcheck Ttotal Status Flags
r-devel-linux-x86_64-debian-clang 2.1 45.70 70.54 116.24 NOTE
r-devel-linux-x86_64-debian-gcc 2.1 35.09 71.40 106.49 NOTE
r-devel-linux-x86_64-fedora-clang 2.1 156.10 NOTE
r-devel-linux-x86_64-fedora-gcc 2.1 174.01 NOTE
r-devel-windows-x86_64 2.1 33.00 131.00 164.00 NOTE
r-patched-linux-x86_64 2.1 40.70 71.82 112.52 NOTE
r-release-linux-x86_64 2.1 40.55 71.21 111.76 NOTE
r-release-macos-arm64 2.1 50.00 NOTE
r-release-macos-x86_64 2.1 80.00 NOTE
r-release-windows-x86_64 2.1 46.00 116.00 162.00 NOTE
r-oldrel-macos-arm64 2.1 43.00 OK
r-oldrel-macos-x86_64 2.1 58.00 OK
r-oldrel-windows-x86_64 2.1 44.00 114.00 158.00 OK

Check Details

Version: 2.1
Check: C++ specification
Result: NOTE
     Specified C++11: please drop specification unless essential
Flavors: r-devel-linux-x86_64-debian-clang, r-devel-linux-x86_64-debian-gcc, r-devel-linux-x86_64-fedora-clang, r-devel-linux-x86_64-fedora-gcc, r-devel-windows-x86_64, r-patched-linux-x86_64, r-release-linux-x86_64, r-release-macos-arm64, r-release-macos-x86_64, r-release-windows-x86_64