Last updated on 2023-12-08 05:01:58 CET.
Flavor | Version | Tinstall | Tcheck | Ttotal | Status | Flags |
---|---|---|---|---|---|---|
r-devel-linux-x86_64-debian-clang | 0.5.5 | 11.65 | 84.78 | 96.43 | OK | |
r-devel-linux-x86_64-debian-gcc | 0.5.5 | 7.42 | 62.88 | 70.30 | OK | |
r-devel-linux-x86_64-fedora-clang | 0.5.5 | 114.04 | NOTE | |||
r-devel-linux-x86_64-fedora-gcc | 0.5.5 | 109.01 | NOTE | |||
r-devel-windows-x86_64 | 0.5.5 | 10.00 | 84.00 | 94.00 | OK | |
r-patched-linux-x86_64 | 0.5.5 | 6.71 | 82.97 | 89.68 | OK | |
r-release-linux-x86_64 | 0.5.5 | 10.37 | 82.09 | 92.46 | OK | |
r-release-macos-arm64 | 0.5.5 | 95.00 | OK | |||
r-release-macos-x86_64 | 0.5.5 | 202.00 | OK | |||
r-release-windows-x86_64 | 0.5.5 | 14.00 | 96.00 | 110.00 | OK | |
r-oldrel-macos-arm64 | 0.5.5 | 132.00 | OK | |||
r-oldrel-macos-x86_64 | 0.5.5 | 171.00 | OK | |||
r-oldrel-windows-x86_64 | 0.5.5 | 13.00 | 100.00 | 113.00 | OK |
Version: 0.5.5
Check: data for non-ASCII characters
Result: NOTE
Note: found 1227 marked UTF-8 strings
Flavors: r-devel-linux-x86_64-fedora-clang, r-devel-linux-x86_64-fedora-gcc