Last updated on 2023-12-08 05:01:58 CET.
Flavor | Version | Tinstall | Tcheck | Ttotal | Status | Flags |
---|---|---|---|---|---|---|
r-devel-linux-x86_64-debian-clang | 2.4.5 | 37.65 | 762.91 | 800.56 | OK | |
r-devel-linux-x86_64-debian-gcc | 2.4.5 | 28.45 | 564.58 | 593.03 | OK | |
r-devel-linux-x86_64-fedora-clang | 2.4.5 | 1013.80 | OK | |||
r-devel-linux-x86_64-fedora-gcc | 2.4.5 | 665.90 | OK | |||
r-devel-windows-x86_64 | 2.4.5 | 25.00 | 575.00 | 600.00 | OK | |
r-patched-linux-x86_64 | 2.4.5 | 27.01 | 743.56 | 770.57 | OK | |
r-release-linux-x86_64 | 2.4.5 | 26.55 | 739.40 | 765.95 | OK | |
r-release-macos-arm64 | 2.4.5 | 241.00 | OK | |||
r-release-macos-x86_64 | 2.4.5 | 490.00 | OK | |||
r-release-windows-x86_64 | 2.4.5 | 35.00 | 719.00 | 754.00 | OK | |
r-oldrel-macos-arm64 | 2.4.5 | 254.00 | OK | |||
r-oldrel-macos-x86_64 | 2.4.4 | 286.00 | NOTE | |||
r-oldrel-windows-x86_64 | 2.4.5 | 37.00 | 736.00 | 773.00 | OK |
Version: 2.4.4
Check: package dependencies
Result: NOTE
Package suggested but not available for checking: ‘INLA’
Flavor: r-oldrel-macos-x86_64