CRAN Package Check Results for Package AutoWeatherIndices

Last updated on 2023-05-30 05:57:28 CEST.

Flavor Version Tinstall Tcheck Ttotal Status Flags
r-devel-linux-x86_64-debian-clang 0.1.0 2.26 19.98 22.24 OK
r-devel-linux-x86_64-debian-gcc 0.1.0 1.41 15.88 17.29 OK
r-devel-linux-x86_64-fedora-clang 0.1.0 28.17 NOTE
r-devel-linux-x86_64-fedora-gcc 0.1.0 30.07 NOTE
r-devel-windows-x86_64 0.1.0 4.00 38.00 42.00 OK
r-patched-linux-x86_64 0.1.0 1.75 19.57 21.32 OK
r-release-linux-x86_64 0.1.0 1.43 19.48 20.91 OK
r-release-macos-arm64 0.1.0 14.00 OK
r-release-macos-x86_64 0.1.0 18.00 OK
r-release-windows-x86_64 0.1.0 4.00 37.00 41.00 OK
r-oldrel-macos-arm64 0.1.0 15.00 NOTE
r-oldrel-macos-x86_64 0.1.0 19.00 NOTE
r-oldrel-windows-x86_64 0.1.0 5.00 39.00 44.00 OK

Check Details

Version: 0.1.0
Check: dependencies in R code
Result: NOTE
    Namespace in Imports field not imported from: ‘Hmisc’
     All declared Imports should be used.
Flavors: r-devel-linux-x86_64-fedora-clang, r-devel-linux-x86_64-fedora-gcc, r-oldrel-macos-arm64, r-oldrel-macos-x86_64