Last updated on 2023-06-06 05:55:04 CEST.
Flavor | Version | Tinstall | Tcheck | Ttotal | Status | Flags |
---|---|---|---|---|---|---|
r-devel-linux-x86_64-debian-clang | 2.0.5 | 13.33 | 125.50 | 138.83 | OK | |
r-devel-linux-x86_64-debian-gcc | 2.0.5 | 12.03 | 97.02 | 109.05 | OK | |
r-devel-linux-x86_64-fedora-clang | 2.0.5 | 179.03 | NOTE | |||
r-devel-linux-x86_64-fedora-gcc | 2.0.5 | 168.93 | OK | |||
r-devel-windows-x86_64 | 2.0.5 | 13.00 | 117.00 | 130.00 | NOTE | |
r-patched-linux-x86_64 | 2.0.5 | 11.54 | 122.23 | 133.77 | OK | |
r-release-linux-x86_64 | 2.0.5 | 9.97 | 120.98 | 130.95 | OK | |
r-release-macos-arm64 | 2.0.5 | 52.00 | NOTE | |||
r-release-macos-x86_64 | 2.0.5 | 91.00 | NOTE | |||
r-release-windows-x86_64 | 2.0.5 | 19.00 | 139.00 | 158.00 | NOTE | |
r-oldrel-macos-arm64 | 2.0.5 | 49.00 | NOTE | |||
r-oldrel-macos-x86_64 | 2.0.5 | 74.00 | NOTE | |||
r-oldrel-windows-x86_64 | 2.0.5 | 18.00 | 137.00 | 155.00 | NOTE |
Version: 2.0.5
Check: installed package size
Result: NOTE
installed size is 5.4Mb
sub-directories of 1Mb or more:
data 5.1Mb
Flavors: r-devel-linux-x86_64-fedora-clang, r-devel-windows-x86_64, r-release-macos-arm64, r-release-macos-x86_64, r-release-windows-x86_64, r-oldrel-macos-arm64, r-oldrel-macos-x86_64, r-oldrel-windows-x86_64