Last updated on 2023-05-30 05:57:27 CEST.
Flavor | Version | Tinstall | Tcheck | Ttotal | Status | Flags |
---|---|---|---|---|---|---|
r-devel-linux-x86_64-debian-clang | 0.1 | 4.68 | 41.91 | 46.59 | NOTE | |
r-devel-linux-x86_64-debian-gcc | 0.1 | 4.36 | 33.33 | 37.69 | NOTE | |
r-devel-linux-x86_64-fedora-clang | 0.1 | 59.51 | NOTE | |||
r-devel-linux-x86_64-fedora-gcc | 0.1 | 64.77 | NOTE | |||
r-devel-windows-x86_64 | 0.1 | 5.00 | 58.00 | 63.00 | NOTE | |
r-patched-linux-x86_64 | 0.1 | 4.37 | 40.90 | 45.27 | NOTE | |
r-release-linux-x86_64 | 0.1 | 4.75 | 40.67 | 45.42 | NOTE | |
r-release-macos-arm64 | 0.1 | 26.00 | NOTE | |||
r-release-macos-x86_64 | 0.1 | 33.00 | NOTE | |||
r-release-windows-x86_64 | 0.1 | 7.00 | 63.00 | 70.00 | NOTE | |
r-oldrel-macos-arm64 | 0.1 | 22.00 | NOTE | |||
r-oldrel-macos-x86_64 | 0.1 | 30.00 | NOTE | |||
r-oldrel-windows-x86_64 | 0.1 | 7.00 | 67.00 | 74.00 | NOTE |
Version: 0.1
Check: LazyData
Result: NOTE
'LazyData' is specified without a 'data' directory
Flavors: r-devel-linux-x86_64-debian-clang, r-devel-linux-x86_64-debian-gcc, r-devel-linux-x86_64-fedora-clang, r-devel-linux-x86_64-fedora-gcc, r-devel-windows-x86_64, r-patched-linux-x86_64, r-release-linux-x86_64, r-release-macos-arm64, r-release-macos-x86_64, r-release-windows-x86_64, r-oldrel-macos-arm64, r-oldrel-macos-x86_64, r-oldrel-windows-x86_64
Version: 0.1
Check: for non-standard things in the check directory
Result: NOTE
Found the following files/directories:
‘Example.jpeg’
Flavors: r-devel-linux-x86_64-debian-clang, r-devel-linux-x86_64-debian-gcc, r-devel-linux-x86_64-fedora-clang, r-devel-linux-x86_64-fedora-gcc, r-patched-linux-x86_64, r-release-linux-x86_64