Last updated on 2023-06-07 05:58:13 CEST.
Flavor | Version | Tinstall | Tcheck | Ttotal | Status | Flags |
---|---|---|---|---|---|---|
r-devel-linux-x86_64-debian-clang | 1.2.0 | 3.49 | 185.10 | 188.59 | OK | |
r-devel-linux-x86_64-debian-gcc | 1.2.0 | 3.25 | 133.91 | 137.16 | OK | |
r-devel-linux-x86_64-fedora-clang | 1.2.0 | 233.44 | OK | |||
r-devel-linux-x86_64-fedora-gcc | 1.2.0 | 239.41 | OK | |||
r-devel-windows-x86_64 | 1.2.0 | 7.00 | 150.00 | 157.00 | OK | |
r-patched-linux-x86_64 | 1.2.0 | 4.00 | 174.21 | 178.21 | OK | |
r-release-linux-x86_64 | 1.2.0 | 3.62 | 174.29 | 177.91 | OK | |
r-release-macos-arm64 | 1.2.0 | 18.00 | ERROR | |||
r-release-macos-x86_64 | 1.2.0 | 7.00 | ERROR | |||
r-release-windows-x86_64 | 1.2.0 | 7.00 | 190.00 | 197.00 | OK | |
r-oldrel-macos-arm64 | 1.2.0 | 21.00 | ERROR | |||
r-oldrel-macos-x86_64 | 1.2.0 | 23.00 | ERROR | |||
r-oldrel-windows-x86_64 | 1.2.0 | 6.00 | 190.00 | 196.00 | OK |
Version: 1.2.0
Check: package dependencies
Result: ERROR
Packages required but not available:
'BSgenome.Hsapiens.UCSC.hg19', 'BSgenome.Hsapiens.UCSC.hg38',
'BSgenome.Mmusculus.UCSC.mm9', 'BSgenome.Mmusculus.UCSC.mm10'
See section ‘The DESCRIPTION file’ in the ‘Writing R Extensions’
manual.
Flavors: r-release-macos-arm64, r-release-macos-x86_64, r-oldrel-macos-arm64, r-oldrel-macos-x86_64