CRAN Package Check Results for Package ActFrag

Last updated on 2023-06-05 05:54:28 CEST.

Flavor Version Tinstall Tcheck Ttotal Status Flags
r-devel-linux-x86_64-debian-clang 0.1.1 14.63 131.49 146.12 NOTE
r-devel-linux-x86_64-debian-gcc 0.1.1 9.33 97.93 107.26 NOTE
r-devel-linux-x86_64-fedora-clang 0.1.1 174.68 NOTE
r-devel-linux-x86_64-fedora-gcc 0.1.1 184.00 NOTE
r-devel-windows-x86_64 0.1.1 13.00 106.00 119.00 NOTE
r-patched-linux-x86_64 0.1.1 13.77 123.34 137.11 NOTE
r-release-linux-x86_64 0.1.1 12.53 120.95 133.48 NOTE
r-release-macos-arm64 0.1.1 61.00 NOTE
r-release-macos-x86_64 0.1.1 86.00 NOTE
r-release-windows-x86_64 0.1.1 18.00 127.00 145.00 NOTE
r-oldrel-macos-arm64 0.1.1 49.00 NOTE
r-oldrel-macos-x86_64 0.1.1 83.00 NOTE
r-oldrel-windows-x86_64 0.1.1 17.00 152.00 169.00 OK

Check Details

Version: 0.1.1
Check: package subdirectories
Result: NOTE
    Problems with news in ‘NEWS.md’:
    No news entries found.
Flavors: r-devel-linux-x86_64-debian-clang, r-devel-linux-x86_64-debian-gcc, r-devel-linux-x86_64-fedora-clang, r-devel-linux-x86_64-fedora-gcc, r-devel-windows-x86_64, r-patched-linux-x86_64, r-release-linux-x86_64, r-release-macos-arm64, r-release-macos-x86_64, r-release-windows-x86_64

Version: 0.1.1
Check: dependencies in R code
Result: NOTE
    Namespace in Imports field not imported from: ‘tidyr’
     All declared Imports should be used.
Flavors: r-devel-linux-x86_64-fedora-clang, r-devel-linux-x86_64-fedora-gcc, r-oldrel-macos-arm64, r-oldrel-macos-x86_64