Last updated on 2023-05-29 05:54:56 CEST.
Flavor | Version | Tinstall | Tcheck | Ttotal | Status | Flags |
---|---|---|---|---|---|---|
r-devel-linux-x86_64-debian-clang | 0.3.0 | 9.57 | 83.39 | 92.96 | NOTE | |
r-devel-linux-x86_64-debian-gcc | 0.3.0 | 7.45 | 62.27 | 69.72 | NOTE | |
r-devel-linux-x86_64-fedora-clang | 0.3.0 | 120.79 | NOTE | |||
r-devel-linux-x86_64-fedora-gcc | 0.3.0 | 122.00 | NOTE | |||
r-devel-windows-x86_64 | 0.3.0 | 10.00 | 77.00 | 87.00 | NOTE | |
r-patched-linux-x86_64 | 0.3.0 | 8.81 | 76.88 | 85.69 | NOTE | |
r-release-linux-x86_64 | 0.3.0 | 9.33 | 75.89 | 85.22 | NOTE | |
r-release-macos-arm64 | 0.3.0 | 37.00 | NOTE | |||
r-release-macos-x86_64 | 0.3.0 | 55.00 | NOTE | |||
r-release-windows-x86_64 | 0.3.0 | 12.00 | 95.00 | 107.00 | NOTE | |
r-oldrel-macos-arm64 | 0.3.0 | 52.00 | OK | |||
r-oldrel-macos-x86_64 | 0.3.0 | 69.00 | OK | |||
r-oldrel-windows-x86_64 | 0.3.0 | 12.00 | 96.00 | 108.00 | OK |
Version: 0.3.0
Check: package subdirectories
Result: NOTE
Problems with news in ‘NEWS.md’:
No news entries found.
Flavors: r-devel-linux-x86_64-debian-clang, r-devel-linux-x86_64-debian-gcc, r-devel-linux-x86_64-fedora-clang, r-devel-linux-x86_64-fedora-gcc, r-devel-windows-x86_64, r-patched-linux-x86_64, r-release-linux-x86_64, r-release-macos-arm64, r-release-macos-x86_64, r-release-windows-x86_64