Last updated on 2023-06-08 05:58:03 CEST.
Flavor | Version | Tinstall | Tcheck | Ttotal | Status | Flags |
---|---|---|---|---|---|---|
r-devel-linux-x86_64-debian-clang | 0.1.2 | 76.34 | 76.94 | 153.28 | NOTE | |
r-devel-linux-x86_64-debian-gcc | 0.1.2 | 59.92 | 60.23 | 120.15 | NOTE | |
r-devel-linux-x86_64-fedora-clang | 0.1.2 | 205.56 | NOTE | |||
r-devel-linux-x86_64-fedora-gcc | 0.1.2 | 208.87 | NOTE | |||
r-devel-windows-x86_64 | 0.1.2 | 55.00 | 114.00 | 169.00 | NOTE | |
r-patched-linux-x86_64 | 0.1.2 | 74.13 | 78.86 | 152.99 | NOTE | |
r-release-linux-x86_64 | 0.1.2 | 63.23 | 75.01 | 138.24 | NOTE | |
r-release-macos-arm64 | 0.1.2 | 57.00 | NOTE | |||
r-release-macos-x86_64 | 0.1.2 | 83.00 | NOTE | |||
r-release-windows-x86_64 | 0.1.2 | 70.00 | 118.00 | 188.00 | NOTE | |
r-oldrel-macos-arm64 | 0.1.2 | 52.00 | NOTE | |||
r-oldrel-macos-x86_64 | 0.1.2 | 70.00 | NOTE | |||
r-oldrel-windows-x86_64 | 0.1.2 | 70.00 | 107.00 | 177.00 | OK |
Version: 0.1.2
Check: C++ specification
Result: NOTE
Specified C++11: please drop specification unless essential
Flavors: r-devel-linux-x86_64-debian-clang, r-devel-linux-x86_64-debian-gcc, r-devel-linux-x86_64-fedora-clang, r-devel-linux-x86_64-fedora-gcc, r-devel-windows-x86_64, r-patched-linux-x86_64, r-release-linux-x86_64, r-release-macos-arm64, r-release-macos-x86_64, r-release-windows-x86_64
Version: 0.1.2
Check: installed package size
Result: NOTE
installed size is 18.2Mb
sub-directories of 1Mb or more:
libs 17.9Mb
Flavors: r-release-macos-arm64, r-release-macos-x86_64, r-oldrel-macos-arm64, r-oldrel-macos-x86_64