CRAN Package Check Results for Package APtools

Last updated on 2023-05-30 05:57:28 CEST.

Flavor Version Tinstall Tcheck Ttotal Status Flags
r-devel-linux-x86_64-debian-clang 6.8.8 8.49 85.02 93.51 NOTE
r-devel-linux-x86_64-debian-gcc 6.8.8 6.91 64.97 71.88 NOTE
r-devel-linux-x86_64-fedora-clang 6.8.8 128.51 NOTE
r-devel-linux-x86_64-fedora-gcc 6.8.8 131.94 NOTE
r-devel-windows-x86_64 6.8.8 10.00 78.00 88.00 OK
r-patched-linux-x86_64 6.8.8 8.12 80.93 89.05 NOTE
r-release-linux-x86_64 6.8.8 8.95 82.10 91.05 NOTE
r-release-macos-arm64 6.8.8 34.00 OK
r-release-macos-x86_64 6.8.8 59.00 OK
r-release-windows-x86_64 6.8.8 12.00 90.00 102.00 OK
r-oldrel-macos-arm64 6.8.8 34.00 OK
r-oldrel-macos-x86_64 6.8.8 48.00 OK
r-oldrel-windows-x86_64 6.8.8 12.00 94.00 106.00 OK

Check Details

Version: 6.8.8
Check: for non-standard things in the check directory
Result: NOTE
    Found the following files/directories:
     ‘APBinary_PPV.csv’ ‘APBinary_TPF.csv’
     ‘APBinary_ap_summary(method=perturbation,B=1500).csv’
     ‘APBinary_auc_summary(method=perturbation,B=1500).csv’
     ‘APSurv_PPV.csv’ ‘APSurv_TPF.csv’
     ‘APSurv_ap_summary(method=bootstrap,B=500).csv’
     ‘APSurv_auc_summary(method=bootstrap,B=500).csv’
     ‘CompareAP_Binary_dap_summary(method=none).csv’
     ‘CompareAP_Survival_dap_summary(method=bootstrap,B=500).csv’
Flavors: r-devel-linux-x86_64-debian-clang, r-devel-linux-x86_64-debian-gcc, r-devel-linux-x86_64-fedora-clang, r-devel-linux-x86_64-fedora-gcc, r-patched-linux-x86_64, r-release-linux-x86_64