Last updated on 2023-06-04 05:50:36 CEST.
Flavor | Version | Tinstall | Tcheck | Ttotal | Status | Flags |
---|---|---|---|---|---|---|
r-devel-linux-x86_64-debian-clang | 2.3-2 | 80.62 | 447.20 | 527.82 | OK | |
r-devel-linux-x86_64-debian-gcc | 2.3-2 | 63.32 | 333.63 | 396.95 | OK | |
r-devel-linux-x86_64-fedora-clang | 2.3-2 | 656.38 | NOTE | |||
r-devel-linux-x86_64-fedora-gcc | 2.3-2 | 674.07 | OK | |||
r-devel-windows-x86_64 | 2.3-2 | 68.00 | 336.00 | 404.00 | OK | |
r-patched-linux-x86_64 | 2.3-2 | 85.39 | 429.36 | 514.75 | OK | |
r-release-linux-x86_64 | 2.3-2 | 69.63 | 425.27 | 494.90 | OK | |
r-release-macos-arm64 | 2.3-2 | 162.00 | OK | |||
r-release-macos-x86_64 | 2.3-2 | 263.00 | NOTE | |||
r-release-windows-x86_64 | 2.3-2 | 86.00 | 409.00 | 495.00 | OK | |
r-oldrel-macos-arm64 | 2.3-2 | 101.00 | OK | |||
r-oldrel-macos-x86_64 | 2.3-2 | 190.00 | OK | |||
r-oldrel-windows-x86_64 | 2.3-2 | 82.00 | 402.00 | 484.00 | OK |
Version: 2.3-2
Check: Rd cross-references
Result: NOTE
Undeclared packages ‘multcomp’, ‘gmodels’ in Rd xrefs
Flavor: r-devel-linux-x86_64-fedora-clang
Version: 2.3-2
Check: package dependencies
Result: NOTE
Packages suggested but not available for checking:
'betareg', 'glmmTMB', 'maxlike', 'ordinal'
Flavor: r-release-macos-x86_64
Version: 2.3-2
Check: Rd cross-references
Result: NOTE
Package unavailable to check Rd xrefs: ‘maxlike’
Flavor: r-release-macos-x86_64