CRAN Package Check Results for Package zoomr

Last updated on 2024-06-13 05:59:27 CEST.

Flavor Version Tinstall Tcheck Ttotal Status Flags
r-devel-linux-x86_64-debian-clang 0.3.0 7.66 51.53 59.19 OK
r-devel-linux-x86_64-debian-gcc 0.3.0 0.33 1.74 2.07 ERROR
r-devel-linux-x86_64-fedora-clang 0.3.0 74.32 OK
r-devel-linux-x86_64-fedora-gcc 0.3.0 75.53 OK
r-devel-windows-x86_64 0.3.0 6.00 58.00 64.00 OK
r-patched-linux-x86_64 0.3.0 7.18 50.14 57.32 OK
r-release-linux-x86_64 0.3.0 4.92 49.16 54.08 OK
r-release-macos-arm64 0.3.0 26.00 OK
r-release-macos-x86_64 0.3.0 38.00 OK
r-release-windows-x86_64 0.3.0 7.00 64.00 71.00 OK
r-oldrel-macos-arm64 0.3.0 30.00 OK
r-oldrel-macos-x86_64 0.3.0 51.00 OK
r-oldrel-windows-x86_64 0.3.0 8.00 65.00 73.00 OK

Check Details

Version: 0.3.0
Check: package dependencies
Result: ERROR Packages required but not available: 'dplyr', 'tidyr', 'janitor', 'tidyselect', 'purrr' See section ‘The DESCRIPTION file’ in the ‘Writing R Extensions’ manual. Flavor: r-devel-linux-x86_64-debian-gcc