CRAN Package Check Results for Package zoltr

Last updated on 2023-11-28 04:57:38 CET.

Flavor Version Tinstall Tcheck Ttotal Status Flags
r-devel-linux-x86_64-debian-clang 0.5.1 6.01 58.78 64.79 NOTE
r-devel-linux-x86_64-debian-gcc 0.5.1 4.78 44.45 49.23 NOTE
r-devel-linux-x86_64-fedora-clang 0.5.1 81.06 NOTE
r-devel-linux-x86_64-fedora-gcc 0.5.1 107.49 NOTE
r-devel-windows-x86_64 0.5.1 7.00 80.00 87.00 NOTE
r-patched-linux-x86_64 0.5.1 4.56 55.96 60.52 NOTE
r-release-linux-x86_64 0.5.1 4.22 56.24 60.46 NOTE
r-release-macos-arm64 0.5.1 44.00 NOTE
r-release-macos-x86_64 0.5.1 74.00 NOTE
r-release-windows-x86_64 0.5.1 9.00 81.00 90.00 NOTE
r-oldrel-macos-arm64 0.5.1 41.00 NOTE
r-oldrel-macos-x86_64 0.5.1 56.00 NOTE
r-oldrel-windows-x86_64 0.5.1 8.00 76.00 84.00 NOTE

Check Details

Version: 0.5.1
Check: LazyData
Result: NOTE 'LazyData' is specified without a 'data' directory Flavors: r-devel-linux-x86_64-debian-clang, r-devel-linux-x86_64-debian-gcc, r-devel-linux-x86_64-fedora-clang, r-devel-linux-x86_64-fedora-gcc, r-devel-windows-x86_64, r-patched-linux-x86_64, r-release-linux-x86_64, r-release-macos-arm64, r-release-macos-x86_64, r-release-windows-x86_64, r-oldrel-macos-arm64, r-oldrel-macos-x86_64, r-oldrel-windows-x86_64