Last updated on 2023-12-02 04:52:34 CET.
Flavor | Version | Tinstall | Tcheck | Ttotal | Status | Flags |
---|---|---|---|---|---|---|
r-devel-linux-x86_64-debian-clang | 1.0.2 | 9.57 | 93.54 | 103.11 | NOTE | |
r-devel-linux-x86_64-debian-gcc | 1.0.2 | 8.19 | 75.86 | 84.05 | NOTE | |
r-devel-linux-x86_64-fedora-clang | 1.0.2 | 135.73 | NOTE | |||
r-devel-linux-x86_64-fedora-gcc | 1.0.2 | 131.13 | NOTE | |||
r-devel-windows-x86_64 | 1.0.2 | 12.00 | 100.00 | 112.00 | NOTE | |
r-patched-linux-x86_64 | 1.0.2 | 7.90 | 95.69 | 103.59 | NOTE | |
r-release-linux-x86_64 | 1.0.2 | 6.95 | 93.55 | 100.50 | NOTE | |
r-release-macos-arm64 | 1.0.2 | 43.00 | NOTE | |||
r-release-macos-x86_64 | 1.0.2 | 71.00 | NOTE | |||
r-release-windows-x86_64 | 1.0.2 | 13.00 | 119.00 | 132.00 | NOTE | |
r-oldrel-macos-arm64 | 1.0.2 | 37.00 | NOTE | |||
r-oldrel-macos-x86_64 | 1.0.2 | 59.00 | NOTE | |||
r-oldrel-windows-x86_64 | 1.0.2 | 15.00 | 113.00 | 128.00 | NOTE |
Version: 1.0.2
Check: LazyData
Result: NOTE
'LazyData' is specified without a 'data' directory
Flavors: r-devel-linux-x86_64-debian-clang, r-devel-linux-x86_64-debian-gcc, r-devel-linux-x86_64-fedora-clang, r-devel-linux-x86_64-fedora-gcc, r-devel-windows-x86_64, r-patched-linux-x86_64, r-release-linux-x86_64, r-release-macos-arm64, r-release-macos-x86_64, r-release-windows-x86_64, r-oldrel-macos-arm64, r-oldrel-macos-x86_64, r-oldrel-windows-x86_64