Last updated on 2023-11-28 04:57:38 CET.
Flavor | Version | Tinstall | Tcheck | Ttotal | Status | Flags |
---|---|---|---|---|---|---|
r-devel-linux-x86_64-debian-clang | 1.2.0 | 11.77 | 207.50 | 219.27 | NOTE | |
r-devel-linux-x86_64-debian-gcc | 1.2.0 | 9.77 | 151.27 | 161.04 | NOTE | |
r-devel-linux-x86_64-fedora-clang | 1.2.0 | 273.25 | NOTE | |||
r-devel-linux-x86_64-fedora-gcc | 1.2.0 | 273.67 | OK | |||
r-devel-windows-x86_64 | 1.2.0 | 14.00 | 188.00 | 202.00 | OK | |
r-patched-linux-x86_64 | 1.2.0 | 16.90 | 194.77 | 211.67 | OK | |
r-release-linux-x86_64 | 1.2.0 | 14.57 | 194.88 | 209.45 | OK | |
r-release-macos-arm64 | 1.2.0 | 76.00 | OK | |||
r-release-macos-x86_64 | 1.2.0 | 189.00 | OK | |||
r-release-windows-x86_64 | 1.2.0 | 19.00 | 231.00 | 250.00 | OK | |
r-oldrel-macos-arm64 | 1.2.0 | 69.00 | OK | |||
r-oldrel-macos-x86_64 | 1.2.0 | 94.00 | OK | |||
r-oldrel-windows-x86_64 | 1.2.0 | 18.00 | 215.00 | 233.00 | OK |
Version: 1.2.0
Check: Rd files
Result: NOTE
checkRd: (-1) brier_survival.Rd:21: Lost braces; missing escapes or markup?
21 | predicting with {censored} model. This should be an unquoted column name
| ^
checkRd: (-1) brier_survival_integrated.Rd:27: Lost braces; missing escapes or markup?
27 | predicting with {censored} model. This should be an unquoted column name
| ^
checkRd: (-1) roc_curve_survival.Rd:18: Lost braces; missing escapes or markup?
18 | predicting with {censored} model. This should be an unquoted column name
| ^
Flavors: r-devel-linux-x86_64-debian-clang, r-devel-linux-x86_64-debian-gcc
Version: 1.2.0
Check: Rd cross-references
Result: NOTE
Undeclared package ‘parsnip’ in Rd xrefs
Flavor: r-devel-linux-x86_64-fedora-clang