Last updated on 2023-12-04 05:09:26 CET.
Flavor | Version | Tinstall | Tcheck | Ttotal | Status | Flags |
---|---|---|---|---|---|---|
r-devel-linux-x86_64-debian-clang | 1.0-33 | 32.82 | 65.70 | 98.52 | WARN | |
r-devel-linux-x86_64-debian-gcc | 1.0-33 | 20.09 | 49.38 | 69.47 | NOTE | |
r-devel-linux-x86_64-fedora-clang | 1.0-33 | 150.71 | WARN | |||
r-devel-linux-x86_64-fedora-gcc | 1.0-33 | 132.98 | OK | |||
r-devel-windows-x86_64 | 1.0-33 | 34.00 | 86.00 | 120.00 | OK | |
r-patched-linux-x86_64 | 1.0-33 | 30.50 | 63.02 | 93.52 | OK | |
r-release-linux-x86_64 | 1.0-33 | 26.70 | 61.93 | 88.63 | OK | |
r-release-macos-arm64 | 1.0-33 | 35.00 | OK | |||
r-release-macos-x86_64 | 1.0-33 | 60.00 | OK | |||
r-release-windows-x86_64 | 1.0-33 | 31.00 | 98.00 | 129.00 | OK | |
r-oldrel-macos-arm64 | 1.0-33 | 36.00 | OK | |||
r-oldrel-macos-x86_64 | 1.0-33 | 51.00 | OK | |||
r-oldrel-windows-x86_64 | 1.0-33 | 34.00 | 98.00 | 132.00 | OK |
Version: 1.0-33
Check: whether package can be installed
Result: WARN
Found the following significant warnings:
ANN.cpp:175:12: warning: format string is not a string literal (potentially insecure) [-Wformat-security]
ANN.cpp:181:12: warning: format string is not a string literal (potentially insecure) [-Wformat-security]
See ‘/home/hornik/tmp/R.check/r-devel-clang/Work/PKGS/yaImpute.Rcheck/00install.out’ for details.
* used C compiler: ‘Debian clang version 17.0.5 (1)’
* used C++ compiler: ‘Debian clang version 17.0.5 (1)’
Flavor: r-devel-linux-x86_64-debian-clang
Version: 1.0-33
Check: Rd files
Result: NOTE
checkRd: (-1) MoscowMtStJoe.Rd:22: Lost braces in \itemize; meant \describe ?
checkRd: (-1) MoscowMtStJoe.Rd:23: Lost braces in \itemize; meant \describe ?
checkRd: (-1) MoscowMtStJoe.Rd:24: Lost braces in \itemize; meant \describe ?
checkRd: (-1) MoscowMtStJoe.Rd:25: Lost braces in \itemize; meant \describe ?
checkRd: (-1) MoscowMtStJoe.Rd:26: Lost braces in \itemize; meant \describe ?
checkRd: (-1) MoscowMtStJoe.Rd:27: Lost braces in \itemize; meant \describe ?
checkRd: (-1) MoscowMtStJoe.Rd:28: Lost braces in \itemize; meant \describe ?
checkRd: (-1) MoscowMtStJoe.Rd:29: Lost braces in \itemize; meant \describe ?
checkRd: (-1) MoscowMtStJoe.Rd:30: Lost braces in \itemize; meant \describe ?
checkRd: (-1) MoscowMtStJoe.Rd:31: Lost braces in \itemize; meant \describe ?
checkRd: (-1) MoscowMtStJoe.Rd:32: Lost braces in \itemize; meant \describe ?
checkRd: (-1) MoscowMtStJoe.Rd:33: Lost braces in \itemize; meant \describe ?
checkRd: (-1) MoscowMtStJoe.Rd:34: Lost braces in \itemize; meant \describe ?
checkRd: (-1) MoscowMtStJoe.Rd:35: Lost braces in \itemize; meant \describe ?
checkRd: (-1) MoscowMtStJoe.Rd:36: Lost braces in \itemize; meant \describe ?
checkRd: (-1) MoscowMtStJoe.Rd:37: Lost braces in \itemize; meant \describe ?
checkRd: (-1) MoscowMtStJoe.Rd:38: Lost braces in \itemize; meant \describe ?
checkRd: (-1) MoscowMtStJoe.Rd:39: Lost braces in \itemize; meant \describe ?
checkRd: (-1) MoscowMtStJoe.Rd:40: Lost braces in \itemize; meant \describe ?
checkRd: (-1) MoscowMtStJoe.Rd:41: Lost braces in \itemize; meant \describe ?
checkRd: (-1) MoscowMtStJoe.Rd:42: Lost braces in \itemize; meant \describe ?
checkRd: (-1) MoscowMtStJoe.Rd:43: Lost braces in \itemize; meant \describe ?
checkRd: (-1) MoscowMtStJoe.Rd:44: Lost braces in \itemize; meant \describe ?
checkRd: (-1) MoscowMtStJoe.Rd:45: Lost braces in \itemize; meant \describe ?
checkRd: (-1) MoscowMtStJoe.Rd:46: Lost braces in \itemize; meant \describe ?
checkRd: (-1) MoscowMtStJoe.Rd:47: Lost braces in \itemize; meant \describe ?
checkRd: (-1) MoscowMtStJoe.Rd:48: Lost braces in \itemize; meant \describe ?
checkRd: (-1) MoscowMtStJoe.Rd:49: Lost braces in \itemize; meant \describe ?
checkRd: (-1) MoscowMtStJoe.Rd:50: Lost braces in \itemize; meant \describe ?
checkRd: (-1) MoscowMtStJoe.Rd:51: Lost braces in \itemize; meant \describe ?
checkRd: (-1) MoscowMtStJoe.Rd:52: Lost braces in \itemize; meant \describe ?
checkRd: (-1) MoscowMtStJoe.Rd:53: Lost braces in \itemize; meant \describe ?
checkRd: (-1) MoscowMtStJoe.Rd:54: Lost braces in \itemize; meant \describe ?
checkRd: (-1) MoscowMtStJoe.Rd:55: Lost braces in \itemize; meant \describe ?
checkRd: (-1) MoscowMtStJoe.Rd:56: Lost braces in \itemize; meant \describe ?
checkRd: (-1) MoscowMtStJoe.Rd:57: Lost braces in \itemize; meant \describe ?
checkRd: (-1) MoscowMtStJoe.Rd:61: Lost braces in \itemize; meant \describe ?
checkRd: (-1) MoscowMtStJoe.Rd:62: Lost braces in \itemize; meant \describe ?
checkRd: (-1) MoscowMtStJoe.Rd:63: Lost braces in \itemize; meant \describe ?
checkRd: (-1) MoscowMtStJoe.Rd:64: Lost braces in \itemize; meant \describe ?
checkRd: (-1) MoscowMtStJoe.Rd:65: Lost braces in \itemize; meant \describe ?
checkRd: (-1) MoscowMtStJoe.Rd:69: Lost braces in \itemize; meant \describe ?
checkRd: (-1) MoscowMtStJoe.Rd:70: Lost braces in \itemize; meant \describe ?
checkRd: (-1) MoscowMtStJoe.Rd:71: Lost braces in \itemize; meant \describe ?
checkRd: (-1) MoscowMtStJoe.Rd:72: Lost braces in \itemize; meant \describe ?
checkRd: (-1) MoscowMtStJoe.Rd:73: Lost braces in \itemize; meant \describe ?
checkRd: (-1) MoscowMtStJoe.Rd:74: Lost braces in \itemize; meant \describe ?
checkRd: (-1) MoscowMtStJoe.Rd:75: Lost braces in \itemize; meant \describe ?
checkRd: (-1) MoscowMtStJoe.Rd:76: Lost braces in \itemize; meant \describe ?
checkRd: (-1) MoscowMtStJoe.Rd:77: Lost braces in \itemize; meant \describe ?
checkRd: (-1) MoscowMtStJoe.Rd:78: Lost braces in \itemize; meant \describe ?
checkRd: (-1) MoscowMtStJoe.Rd:79: Lost braces in \itemize; meant \describe ?
checkRd: (-1) MoscowMtStJoe.Rd:83: Lost braces in \itemize; meant \describe ?
checkRd: (-1) MoscowMtStJoe.Rd:84: Lost braces in \itemize; meant \describe ?
checkRd: (-1) MoscowMtStJoe.Rd:85: Lost braces in \itemize; meant \describe ?
checkRd: (-1) MoscowMtStJoe.Rd:86: Lost braces in \itemize; meant \describe ?
checkRd: (-1) MoscowMtStJoe.Rd:90: Lost braces in \itemize; meant \describe ?
checkRd: (-1) MoscowMtStJoe.Rd:91: Lost braces in \itemize; meant \describe ?
checkRd: (-1) MoscowMtStJoe.Rd:92: Lost braces in \itemize; meant \describe ?
checkRd: (-1) MoscowMtStJoe.Rd:93: Lost braces in \itemize; meant \describe ?
checkRd: (-1) MoscowMtStJoe.Rd:97: Lost braces in \itemize; meant \describe ?
checkRd: (-1) MoscowMtStJoe.Rd:98: Lost braces in \itemize; meant \describe ?
checkRd: (-1) MoscowMtStJoe.Rd:99: Lost braces in \itemize; meant \describe ?
checkRd: (-1) MoscowMtStJoe.Rd:100: Lost braces in \itemize; meant \describe ?
checkRd: (-1) TallyLake.Rd:21: Lost braces in \itemize; meant \describe ?
checkRd: (-1) TallyLake.Rd:22: Lost braces in \itemize; meant \describe ?
checkRd: (-1) TallyLake.Rd:23: Lost braces in \itemize; meant \describe ?
checkRd: (-1) TallyLake.Rd:24: Lost braces in \itemize; meant \describe ?
checkRd: (-1) TallyLake.Rd:25: Lost braces in \itemize; meant \describe ?
checkRd: (-1) TallyLake.Rd:26: Lost braces in \itemize; meant \describe ?
checkRd: (-1) TallyLake.Rd:27: Lost braces in \itemize; meant \describe ?
checkRd: (-1) TallyLake.Rd:28: Lost braces in \itemize; meant \describe ?
checkRd: (-1) TallyLake.Rd:32: Lost braces in \itemize; meant \describe ?
checkRd: (-1) TallyLake.Rd:33: Lost braces in \itemize; meant \describe ?
checkRd: (-1) TallyLake.Rd:34: Lost braces in \itemize; meant \describe ?
checkRd: (-1) TallyLake.Rd:35: Lost braces in \itemize; meant \describe ?
checkRd: (-1) TallyLake.Rd:36: Lost braces in \itemize; meant \describe ?
checkRd: (-1) TallyLake.Rd:37-38: Lost braces in \itemize; meant \describe ?
checkRd: (-1) TallyLake.Rd:39: Lost braces in \itemize; meant \describe ?
checkRd: (-1) TallyLake.Rd:43: Lost braces in \itemize; meant \describe ?
checkRd: (-1) TallyLake.Rd:44: Lost braces in \itemize; meant \describe ?
checkRd: (-1) TallyLake.Rd:45: Lost braces in \itemize; meant \describe ?
checkRd: (-1) TallyLake.Rd:46: Lost braces in \itemize; meant \describe ?
checkRd: (-1) TallyLake.Rd:47: Lost braces in \itemize; meant \describe ?
checkRd: (-1) TallyLake.Rd:48: Lost braces in \itemize; meant \describe ?
checkRd: (-1) TallyLake.Rd:49: Lost braces in \itemize; meant \describe ?
checkRd: (-1) TallyLake.Rd:50: Lost braces in \itemize; meant \describe ?
checkRd: (-1) TallyLake.Rd:51: Lost braces in \itemize; meant \describe ?
checkRd: (-1) TallyLake.Rd:52: Lost braces in \itemize; meant \describe ?
checkRd: (-1) TallyLake.Rd:53: Lost braces in \itemize; meant \describe ?
checkRd: (-1) TallyLake.Rd:54: Lost braces in \itemize; meant \describe ?
checkRd: (-1) TallyLake.Rd:55: Lost braces in \itemize; meant \describe ?
checkRd: (-1) TallyLake.Rd:56: Lost braces in \itemize; meant \describe ?
checkRd: (-1) ann.Rd:46: Lost braces in \itemize; meant \describe ?
checkRd: (-1) ann.Rd:47: Lost braces in \itemize; meant \describe ?
checkRd: (-1) ann.Rd:48: Lost braces in \itemize; meant \describe ?
checkRd: (-1) ann.Rd:49: Lost braces in \itemize; meant \describe ?
checkRd: (-1) ann.Rd:50: Lost braces in \itemize; meant \describe ?
checkRd: (-1) ann.Rd:59: Lost braces in \itemize; meant \describe ?
checkRd: (-1) ann.Rd:60: Lost braces in \itemize; meant \describe ?
checkRd: (-1) ann.Rd:61: Lost braces in \itemize; meant \describe ?
checkRd: (-1) applyMask.Rd:30-32: Lost braces in \itemize; meant \describe ?
checkRd: (-1) applyMask.Rd:33-34: Lost braces in \itemize; meant \describe ?
checkRd: (-1) asciigridimpute.Rd:38-41: Lost braces in \itemize; meant \describe ?
checkRd: (-1) asciigridimpute.Rd:42-55: Lost braces in \itemize; meant \describe ?
checkRd: (-1) ensembleImpute.Rd:28-30: Lost braces in \itemize; \value handles \item{}{} directly
checkRd: (-1) ensembleImpute.Rd:31-34: Lost braces in \itemize; \value handles \item{}{} directly
checkRd: (-1) ensembleImpute.Rd:35: Lost braces in \itemize; \value handles \item{}{} directly
checkRd: (-1) grmsd.Rd:30: Lost braces
30 | variables are included (note that if code{\link{impute.yai}} the
| ^
checkRd: (-1) yai.Rd:52: Lost braces in \itemize; meant \describe ?
checkRd: (-1) yai.Rd:53: Lost braces in \itemize; meant \describe ?
checkRd: (-1) yai.Rd:54: Lost braces in \itemize; meant \describe ?
checkRd: (-1) yai.Rd:55-56: Lost braces in \itemize; meant \describe ?
checkRd: (-1) yai.Rd:57: Lost braces in \itemize; meant \describe ?
checkRd: (-1) yai.Rd:58-59: Lost braces in \itemize; meant \describe ?
checkRd: (-1) yai.Rd:60-61: Lost braces in \itemize; meant \describe ?
checkRd: (-1) yai.Rd:62-66: Lost braces in \itemize; meant \describe ?
checkRd: (-1) yai.Rd:67-69: Lost braces in \itemize; meant \describe ?
checkRd: (-1) yai.Rd:70-72: Lost braces in \itemize; meant \describe ?
checkRd: (-1) yai.Rd:73-74: Lost braces in \itemize; meant \describe ?
checkRd: (-1) yai.Rd:127-128: Lost braces in \itemize; meant \describe ?
checkRd: (-1) yai.Rd:129-130: Lost braces in \itemize; meant \describe ?
Flavors: r-devel-linux-x86_64-debian-clang, r-devel-linux-x86_64-debian-gcc
Version: 1.0-33
Check: whether package can be installed
Result: WARN
Found the following significant warnings:
ANN.cpp:175:12: warning: format string is not a string literal (potentially insecure) [-Wformat-security]
ANN.cpp:181:12: warning: format string is not a string literal (potentially insecure) [-Wformat-security]
See ‘/data/gannet/ripley/R/packages/tests-clang/yaImpute.Rcheck/00install.out’ for details.
* used C compiler: ‘clang version 17.0.5’
* used C++ compiler: ‘clang version 17.0.5’
Flavor: r-devel-linux-x86_64-fedora-clang