Last updated on 2023-12-06 04:56:10 CET.
Flavor | Version | Tinstall | Tcheck | Ttotal | Status | Flags |
---|---|---|---|---|---|---|
r-devel-linux-x86_64-debian-clang | 0.4.17 | 14.43 | 279.38 | 293.81 | NOTE | |
r-devel-linux-x86_64-debian-gcc | 0.4.17 | 12.10 | 203.52 | 215.62 | NOTE | |
r-devel-linux-x86_64-fedora-clang | 0.4.17 | 373.73 | NOTE | |||
r-devel-linux-x86_64-fedora-gcc | 0.4.17 | 375.70 | NOTE | |||
r-devel-windows-x86_64 | 0.4.17 | 13.00 | 242.00 | 255.00 | NOTE | |
r-patched-linux-x86_64 | 0.4.17 | 10.79 | 260.75 | 271.54 | OK | |
r-release-linux-x86_64 | 0.4.17 | 9.72 | 270.20 | 279.92 | OK | |
r-release-macos-arm64 | 0.4.17 | 99.00 | OK | |||
r-release-macos-x86_64 | 0.4.17 | 269.00 | OK | |||
r-release-windows-x86_64 | 0.4.17 | 19.00 | 306.00 | 325.00 | OK | |
r-oldrel-macos-arm64 | 0.4.17 | 101.00 | OK | |||
r-oldrel-macos-x86_64 | 0.4.17 | 145.00 | OK | |||
r-oldrel-windows-x86_64 | 0.4.17 | 20.00 | 291.00 | 311.00 | OK |
Version: 0.4.17
Check: Rd files
Result: NOTE
checkRd: (-1) read_nm_model.Rd:34: Lost braces in \itemize; \value handles \item{}{} directly
checkRd: (-1) read_nm_model.Rd:35: Lost braces in \itemize; \value handles \item{}{} directly
checkRd: (-1) read_nm_model.Rd:36-39: Lost braces in \itemize; \value handles \item{}{} directly
checkRd: (-1) read_nm_model.Rd:40: Lost braces in \itemize; \value handles \item{}{} directly
checkRd: (-1) read_nm_model.Rd:41: Lost braces in \itemize; \value handles \item{}{} directly
Flavors: r-devel-linux-x86_64-debian-clang, r-devel-linux-x86_64-debian-gcc
Version: 0.4.17
Check: Rd \usage sections
Result: NOTE
Documented arguments not in \usage in Rd file 'check_problem.Rd':
‘xpdb’
Functions with \usage entries need to have the appropriate \alias
entries, and all their arguments documented.
The \usage entries must correspond to syntactically valid R code.
See chapter ‘Writing R documentation files’ in the ‘Writing R
Extensions’ manual.
Flavors: r-devel-linux-x86_64-debian-clang, r-devel-linux-x86_64-debian-gcc, r-devel-linux-x86_64-fedora-clang, r-devel-linux-x86_64-fedora-gcc, r-devel-windows-x86_64