CRAN Package Check Results for Package xmrr

Last updated on 2024-06-14 05:58:44 CEST.

Flavor Version Tinstall Tcheck Ttotal Status Flags
r-devel-linux-x86_64-debian-clang 1.1.1 5.95 50.68 56.63 NOTE
r-devel-linux-x86_64-debian-gcc 1.1.1 0.30 1.69 1.99 ERROR
r-devel-linux-x86_64-fedora-clang 1.1.1 73.88 NOTE
r-devel-linux-x86_64-fedora-gcc 1.1.1 83.98 NOTE
r-devel-windows-x86_64 1.1.1 6.00 58.00 64.00 NOTE
r-patched-linux-x86_64 1.1.1 5.33 49.39 54.72 NOTE
r-release-linux-x86_64 1.1.1 4.14 48.52 52.66 NOTE
r-release-macos-arm64 1.1.1 30.00 NOTE
r-release-macos-x86_64 1.1.1 46.00 NOTE
r-release-windows-x86_64 1.1.1 7.00 66.00 73.00 NOTE
r-oldrel-macos-arm64 1.1.1 29.00 NOTE
r-oldrel-macos-x86_64 1.1.1 48.00 NOTE
r-oldrel-windows-x86_64 1.1.1 8.00 62.00 70.00 NOTE

Check Details

Version: 1.1.1
Check: LazyData
Result: NOTE 'LazyData' is specified without a 'data' directory Flavors: r-devel-linux-x86_64-debian-clang, r-devel-linux-x86_64-fedora-clang, r-devel-linux-x86_64-fedora-gcc, r-devel-windows-x86_64, r-patched-linux-x86_64, r-release-linux-x86_64, r-release-macos-arm64, r-release-macos-x86_64, r-release-windows-x86_64, r-oldrel-macos-arm64, r-oldrel-macos-x86_64, r-oldrel-windows-x86_64

Version: 1.1.1
Check: package dependencies
Result: ERROR Packages required but not available: 'dplyr', 'tidyr', 'ggplot2', 'purrr', 'tibble' Package suggested but not available for checking: ‘testthat’ See section ‘The DESCRIPTION file’ in the ‘Writing R Extensions’ manual. Flavor: r-devel-linux-x86_64-debian-gcc

Version: 1.1.1
Check: dependencies in R code
Result: NOTE Namespaces in Imports field not imported from: ‘qpdf’ ‘rlang’ ‘tibble’ All declared Imports should be used. Flavors: r-devel-linux-x86_64-fedora-clang, r-devel-linux-x86_64-fedora-gcc