CRAN Package Check Results for Package xmrr

Last updated on 2023-12-10 04:56:17 CET.

Flavor Version Tinstall Tcheck Ttotal Status Flags
r-devel-linux-x86_64-debian-clang 1.1.1 6.11 50.93 57.04 NOTE
r-devel-linux-x86_64-debian-gcc 1.1.1 5.44 38.12 43.56 NOTE
r-devel-linux-x86_64-fedora-clang 1.1.1 68.92 NOTE
r-devel-linux-x86_64-fedora-gcc 1.1.1 79.90 NOTE
r-devel-windows-x86_64 1.1.1 6.00 59.00 65.00 NOTE
r-patched-linux-x86_64 1.1.1 4.00 46.97 50.97 NOTE
r-release-linux-x86_64 1.1.1 3.84 46.51 50.35 NOTE
r-release-macos-arm64 1.1.1 29.00 NOTE
r-release-macos-x86_64 1.1.1 48.00 NOTE
r-release-windows-x86_64 1.1.1 8.00 62.00 70.00 NOTE
r-oldrel-macos-arm64 1.1.1 21.00 NOTE
r-oldrel-macos-x86_64 1.1.1 48.00 NOTE
r-oldrel-windows-x86_64 1.1.1 9.00 67.00 76.00 NOTE

Check Details

Version: 1.1.1
Check: LazyData
Result: NOTE 'LazyData' is specified without a 'data' directory Flavors: r-devel-linux-x86_64-debian-clang, r-devel-linux-x86_64-debian-gcc, r-devel-linux-x86_64-fedora-clang, r-devel-linux-x86_64-fedora-gcc, r-devel-windows-x86_64, r-patched-linux-x86_64, r-release-linux-x86_64, r-release-macos-arm64, r-release-macos-x86_64, r-release-windows-x86_64, r-oldrel-macos-arm64, r-oldrel-macos-x86_64, r-oldrel-windows-x86_64

Version: 1.1.1
Check: dependencies in R code
Result: NOTE Namespaces in Imports field not imported from: ‘qpdf’ ‘rlang’ ‘tibble’ All declared Imports should be used. Flavors: r-devel-linux-x86_64-fedora-clang, r-devel-linux-x86_64-fedora-gcc, r-oldrel-macos-arm64, r-oldrel-macos-x86_64