CRAN Package Check Results for Package xmpdf

Last updated on 2023-12-01 04:54:15 CET.

Flavor Version Tinstall Tcheck Ttotal Status Flags
r-devel-linux-x86_64-debian-clang 0.1.4 7.62 94.13 101.75 OK
r-devel-linux-x86_64-debian-gcc 0.1.4 5.97 70.43 76.40 OK
r-devel-linux-x86_64-fedora-clang 0.1.4 129.46 NOTE
r-devel-linux-x86_64-fedora-gcc 0.1.4 141.26 NOTE
r-devel-windows-x86_64 0.1.4 6.00 72.00 78.00 OK
r-patched-linux-x86_64 0.1.4 7.43 92.43 99.86 OK
r-release-linux-x86_64 0.1.4 7.27 92.28 99.55 OK
r-release-macos-arm64 0.1.4 40.00 OK
r-release-macos-x86_64 0.1.4 111.00 OK
r-release-windows-x86_64 0.1.4 11.00 94.00 105.00 OK
r-oldrel-macos-arm64 0.1.4 36.00 OK
r-oldrel-macos-x86_64 0.1.4 51.00 OK
r-oldrel-windows-x86_64 0.1.4 9.00 82.00 91.00 OK

Check Details

Version: 0.1.4
Check: data for non-ASCII characters
Result: NOTE Note: found 3 marked UTF-8 strings Flavors: r-devel-linux-x86_64-fedora-clang, r-devel-linux-x86_64-fedora-gcc