Last updated on 2023-12-04 05:09:26 CET.
Flavor | Version | Tinstall | Tcheck | Ttotal | Status | Flags |
---|---|---|---|---|---|---|
r-devel-linux-x86_64-debian-clang | 1.0.1 | 10.00 | 76.69 | 86.69 | NOTE | |
r-devel-linux-x86_64-debian-gcc | 1.0.1 | 6.96 | 59.64 | 66.60 | NOTE | |
r-devel-linux-x86_64-fedora-clang | 1.0.1 | 107.32 | NOTE | |||
r-devel-linux-x86_64-fedora-gcc | 1.0.1 | 113.70 | NOTE | |||
r-devel-windows-x86_64 | 1.0.1 | 8.00 | 74.00 | 82.00 | NOTE | |
r-patched-linux-x86_64 | 1.0.1 | 6.51 | 74.87 | 81.38 | NOTE | |
r-release-linux-x86_64 | 1.0.1 | 6.85 | 74.67 | 81.52 | NOTE | |
r-release-macos-arm64 | 1.0.1 | 41.00 | NOTE | |||
r-release-macos-x86_64 | 1.0.1 | 69.00 | NOTE | |||
r-release-windows-x86_64 | 1.0.1 | 10.00 | 83.00 | 93.00 | NOTE | |
r-oldrel-macos-arm64 | 1.0.1 | 33.00 | OK | |||
r-oldrel-macos-x86_64 | 1.0.1 | 49.00 | OK | |||
r-oldrel-windows-x86_64 | 1.0.1 | 10.00 | 88.00 | 98.00 | OK |
Version: 1.0.1
Check: package subdirectories
Result: NOTE
Problems with news in ‘NEWS.md’:
No news entries found.
Flavors: r-devel-linux-x86_64-debian-clang, r-devel-linux-x86_64-debian-gcc, r-devel-linux-x86_64-fedora-clang, r-devel-linux-x86_64-fedora-gcc, r-devel-windows-x86_64, r-patched-linux-x86_64, r-release-linux-x86_64, r-release-macos-arm64, r-release-macos-x86_64, r-release-windows-x86_64