CRAN Package Check Results for Package xaringan

Last updated on 2024-07-15 05:49:18 CEST.

Flavor Version Tinstall Tcheck Ttotal Status Flags
r-devel-linux-x86_64-debian-clang 0.30 4.38 39.20 43.58 OK
r-devel-linux-x86_64-debian-gcc 0.30 3.36 29.92 33.28 OK
r-devel-linux-x86_64-fedora-clang 0.30 55.09 OK
r-devel-linux-x86_64-fedora-gcc 0.30 64.09 OK
r-devel-windows-x86_64 0.30 5.00 52.00 57.00 NOTE
r-patched-linux-x86_64 0.30 7.78 37.40 45.18 OK
r-release-linux-x86_64 0.30 3.63 37.89 41.52 OK
r-release-macos-arm64 0.30 26.00 OK
r-release-macos-x86_64 0.30 39.00 OK
r-release-windows-x86_64 0.30 5.00 52.00 57.00 OK
r-oldrel-macos-arm64 0.30 34.00 OK
r-oldrel-macos-x86_64 0.30 61.00 OK
r-oldrel-windows-x86_64 0.30 6.00 52.00 58.00 OK

Check Details

Version: 0.30
Check: Rd cross-references
Result: NOTE Found the following Rd file(s) with Rd \link{} targets missing package anchors: inf_mr.Rd: httw moon_reader.Rd: html_document Please provide package anchors for all Rd \link{} targets not in the package itself and the base packages. Flavor: r-devel-windows-x86_64