CRAN Package Check Results for Package xSub

Last updated on 2024-02-21 04:55:56 CET.

Flavor Version Tinstall Tcheck Ttotal Status Flags
r-devel-linux-x86_64-debian-clang 3.0.2 OK
r-devel-linux-x86_64-debian-gcc 3.0.2 5.74 39.35 45.09 OK
r-devel-linux-x86_64-fedora-clang 3.0.2 74.40 NOTE
r-devel-linux-x86_64-fedora-gcc 3.0.2 70.95 NOTE
r-devel-windows-x86_64 3.0.2 8.00 58.00 66.00 OK
r-patched-linux-x86_64 3.0.2 5.55 51.43 56.98 OK
r-release-linux-x86_64 3.0.2 6.20 51.00 57.20 OK
r-release-macos-arm64 3.0.2 26.00 OK
r-release-macos-x86_64 3.0.2 41.00 OK
r-release-windows-x86_64 3.0.2 9.00 64.00 73.00 OK
r-oldrel-macos-arm64 3.0.2 28.00 NOTE
r-oldrel-windows-x86_64 3.0.2 10.00 67.00 77.00 OK

Check Details

Version: 3.0.2
Check: data for non-ASCII characters
Result: NOTE Note: found 268 marked UTF-8 strings Flavors: r-devel-linux-x86_64-fedora-clang, r-devel-linux-x86_64-fedora-gcc, r-oldrel-macos-arm64