Last updated on 2023-10-02 05:58:14 CEST.
Flavor | Version | Tinstall | Tcheck | Ttotal | Status | Flags |
---|---|---|---|---|---|---|
r-devel-linux-x86_64-debian-clang | 1.1.57-4 | 3.38 | 23.00 | 26.38 | OK | |
r-devel-linux-x86_64-debian-gcc | 1.1.57-4 | 2.70 | 18.06 | 20.76 | OK | |
r-devel-linux-x86_64-fedora-clang | 1.1.57-4 | 34.84 | NOTE | |||
r-devel-linux-x86_64-fedora-gcc | 1.1.57-4 | 33.11 | OK | |||
r-devel-windows-x86_64 | 1.1.57-4 | 17.00 | 39.00 | 56.00 | OK | |
r-patched-linux-x86_64 | 1.1.57-4 | 3.42 | 22.57 | 25.99 | OK | |
r-release-linux-x86_64 | 1.1.57-4 | 3.26 | 22.70 | 25.96 | OK | |
r-release-macos-arm64 | 1.1.57-4 | 32.00 | NOTE | |||
r-release-macos-x86_64 | 1.1.57-4 | 33.00 | NOTE | |||
r-release-windows-x86_64 | 1.1.57-4 | 15.00 | 36.00 | 51.00 | OK | |
r-oldrel-macos-arm64 | 1.1.57-4 | 37.00 | NOTE | |||
r-oldrel-macos-x86_64 | 1.1.57-4 | 39.00 | NOTE | |||
r-oldrel-windows-x86_64 | 1.1.57-4 | 6.00 | 37.00 | 43.00 | OK |
Version: 1.1.57-4
Check: installed package size
Result: NOTE
installed size is 5.8Mb
sub-directories of 1Mb or more:
bin 5.7Mb
Flavors: r-devel-linux-x86_64-fedora-clang, r-release-macos-arm64, r-release-macos-x86_64, r-oldrel-macos-arm64, r-oldrel-macos-x86_64