CRAN Package Check Results for Package wrswoR

Last updated on 2024-07-15 05:49:18 CEST.

Flavor Version Tinstall Tcheck Ttotal Status Flags
r-devel-linux-x86_64-debian-clang 1.1.1 22.10 35.75 57.85 NOTE
r-devel-linux-x86_64-debian-gcc 1.1.1 14.69 26.92 41.61 NOTE
r-devel-linux-x86_64-fedora-clang 1.1.1 79.61 NOTE
r-devel-linux-x86_64-fedora-gcc 1.1.1 58.91 NOTE
r-devel-windows-x86_64 1.1.1 19.00 64.00 83.00 NOTE
r-patched-linux-x86_64 1.1.1 17.33 34.27 51.60 NOTE
r-release-linux-x86_64 1.1.1 17.18 33.58 50.76 NOTE
r-release-macos-arm64 1.1.1 24.00 NOTE
r-release-macos-x86_64 1.1.1 33.00 NOTE
r-release-windows-x86_64 1.1.1 21.00 64.00 85.00 NOTE
r-oldrel-macos-arm64 1.1.1 26.00 NOTE
r-oldrel-macos-x86_64 1.1.1 39.00 NOTE
r-oldrel-windows-x86_64 1.1.1 19.00 73.00 92.00 NOTE

Check Details

Version: 1.1.1
Check: LazyData
Result: NOTE 'LazyData' is specified without a 'data' directory Flavors: r-devel-linux-x86_64-debian-clang, r-devel-linux-x86_64-debian-gcc, r-devel-linux-x86_64-fedora-clang, r-devel-linux-x86_64-fedora-gcc, r-devel-windows-x86_64, r-patched-linux-x86_64, r-release-linux-x86_64, r-release-macos-arm64, r-release-macos-x86_64, r-release-windows-x86_64, r-oldrel-macos-arm64, r-oldrel-macos-x86_64, r-oldrel-windows-x86_64