Last updated on 2023-12-03 04:56:25 CET.
Flavor | Version | Tinstall | Tcheck | Ttotal | Status | Flags |
---|---|---|---|---|---|---|
r-devel-linux-x86_64-debian-clang | 1.1.1 | 22.68 | 34.37 | 57.05 | NOTE | |
r-devel-linux-x86_64-debian-gcc | 1.1.1 | 15.31 | 26.57 | 41.88 | NOTE | |
r-devel-linux-x86_64-fedora-clang | 1.1.1 | 78.02 | NOTE | |||
r-devel-linux-x86_64-fedora-gcc | 1.1.1 | 80.62 | NOTE | |||
r-devel-windows-x86_64 | 1.1.1 | 20.00 | 64.00 | 84.00 | NOTE | |
r-patched-linux-x86_64 | 1.1.1 | 18.42 | 33.72 | 52.14 | NOTE | |
r-release-linux-x86_64 | 1.1.1 | 18.96 | 34.24 | 53.20 | NOTE | |
r-release-macos-arm64 | 1.1.1 | 26.00 | NOTE | |||
r-release-macos-x86_64 | 1.1.1 | 39.00 | NOTE | |||
r-release-windows-x86_64 | 1.1.1 | 21.00 | 74.00 | 95.00 | NOTE | |
r-oldrel-macos-arm64 | 1.1.1 | 27.00 | NOTE | |||
r-oldrel-macos-x86_64 | 1.1.1 | 33.00 | NOTE | |||
r-oldrel-windows-x86_64 | 1.1.1 | 23.00 | 74.00 | 97.00 | NOTE |
Version: 1.1.1
Check: LazyData
Result: NOTE
'LazyData' is specified without a 'data' directory
Flavors: r-devel-linux-x86_64-debian-clang, r-devel-linux-x86_64-debian-gcc, r-devel-linux-x86_64-fedora-clang, r-devel-linux-x86_64-fedora-gcc, r-devel-windows-x86_64, r-patched-linux-x86_64, r-release-linux-x86_64, r-release-macos-arm64, r-release-macos-x86_64, r-release-windows-x86_64, r-oldrel-macos-arm64, r-oldrel-macos-x86_64, r-oldrel-windows-x86_64