CRAN Package Check Results for Package wpp2019

Last updated on 2024-02-23 05:07:36 CET.

Flavor Version Tinstall Tcheck Ttotal Status Flags
r-devel-linux-x86_64-debian-clang 1.1-1 OK
r-devel-linux-x86_64-debian-gcc 1.1-1 2.30 37.53 39.83 OK
r-devel-linux-x86_64-fedora-clang 1.1-1 61.01 NOTE
r-devel-linux-x86_64-fedora-gcc 1.1-1 58.57 OK
r-devel-windows-x86_64 1.1-1 5.00 61.00 66.00 NOTE
r-patched-linux-x86_64 1.1-1 2.49 46.27 48.76 OK
r-release-linux-x86_64 1.1-1 3.01 47.05 50.06 OK
r-release-macos-arm64 1.1-1 26.00 NOTE
r-release-macos-x86_64 1.1-1 38.00 NOTE
r-release-windows-x86_64 1.1-1 6.00 67.00 73.00 NOTE
r-oldrel-macos-arm64 1.1-1 24.00 NOTE
r-oldrel-windows-x86_64 1.1-1 7.00 76.00 83.00 NOTE

Check Details

Version: 1.1-1
Check: installed package size
Result: NOTE installed size is 11.4Mb sub-directories of 1Mb or more: data 11.3Mb Flavors: r-devel-linux-x86_64-fedora-clang, r-devel-windows-x86_64, r-release-macos-arm64, r-release-macos-x86_64, r-release-windows-x86_64, r-oldrel-macos-arm64, r-oldrel-windows-x86_64