CRAN Package Check Results for Package wpp2017

Last updated on 2024-07-15 05:49:18 CEST.

Flavor Version Tinstall Tcheck Ttotal Status Flags
r-devel-linux-x86_64-debian-clang 1.2-3 3.94 56.14 60.08 OK
r-devel-linux-x86_64-debian-gcc 1.2-3 2.60 46.10 48.70 OK
r-devel-linux-x86_64-fedora-clang 1.2-3 76.73 NOTE
r-devel-linux-x86_64-fedora-gcc 1.2-3 72.19 OK
r-devel-windows-x86_64 1.2-3 5.00 75.00 80.00 NOTE
r-patched-linux-x86_64 1.2-3 3.51 57.20 60.71 OK
r-release-linux-x86_64 1.2-3 3.67 55.32 58.99 OK
r-release-macos-arm64 1.2-3 30.00 NOTE
r-release-macos-x86_64 1.2-3 45.00 NOTE
r-release-windows-x86_64 1.2-3 6.00 77.00 83.00 NOTE
r-oldrel-macos-arm64 1.2-3 34.00 NOTE
r-oldrel-macos-x86_64 1.2-3 44.00 NOTE
r-oldrel-windows-x86_64 1.2-3 8.00 83.00 91.00 NOTE

Check Details

Version: 1.2-3
Check: installed package size
Result: NOTE installed size is 11.6Mb sub-directories of 1Mb or more: data 11.5Mb Flavors: r-devel-linux-x86_64-fedora-clang, r-devel-windows-x86_64, r-release-macos-arm64, r-release-macos-x86_64, r-release-windows-x86_64, r-oldrel-macos-arm64, r-oldrel-macos-x86_64, r-oldrel-windows-x86_64