CRAN Package Check Results for Package wpp2012

Last updated on 2024-02-23 05:07:36 CET.

Flavor Version Tinstall Tcheck Ttotal Status Flags
r-devel-linux-x86_64-debian-clang 2.2-1 NOTE
r-devel-linux-x86_64-debian-gcc 2.2-1 2.11 30.01 32.12 NOTE
r-devel-linux-x86_64-fedora-clang 2.2-1 49.64 NOTE
r-devel-linux-x86_64-fedora-gcc 2.2-1 48.88 NOTE
r-devel-windows-x86_64 2.2-1 5.00 59.00 64.00 NOTE
r-patched-linux-x86_64 2.2-1 2.51 37.33 39.84 NOTE
r-release-linux-x86_64 2.2-1 3.23 37.39 40.62 NOTE
r-release-macos-arm64 2.2-1 28.00 NOTE
r-release-macos-x86_64 2.2-1 34.00 NOTE
r-release-windows-x86_64 2.2-1 5.00 60.00 65.00 NOTE
r-oldrel-macos-arm64 2.2-1 23.00 NOTE
r-oldrel-windows-x86_64 2.2-1 11.00 70.00 81.00 NOTE

Check Details

Version: 2.2-1
Check: DESCRIPTION meta-information
Result: NOTE Malformed Description field: should contain one or more complete sentences. Flavors: r-devel-linux-x86_64-debian-clang, r-devel-linux-x86_64-debian-gcc, r-devel-linux-x86_64-fedora-clang, r-devel-linux-x86_64-fedora-gcc, r-devel-windows-x86_64, r-patched-linux-x86_64, r-release-linux-x86_64, r-release-macos-arm64, r-release-macos-x86_64, r-release-windows-x86_64, r-oldrel-macos-arm64, r-oldrel-windows-x86_64

Version: 2.2-1
Check: installed package size
Result: NOTE installed size is 12.8Mb sub-directories of 1Mb or more: data 12.7Mb Flavors: r-devel-linux-x86_64-fedora-clang, r-devel-windows-x86_64, r-release-macos-arm64, r-release-macos-x86_64, r-release-windows-x86_64, r-oldrel-macos-arm64, r-oldrel-windows-x86_64