Last updated on 2023-11-30 04:53:12 CET.
Flavor | Version | Tinstall | Tcheck | Ttotal | Status | Flags |
---|---|---|---|---|---|---|
r-devel-linux-x86_64-debian-clang | 2.1.3 | 3.37 | 37.52 | 40.89 | NOTE | |
r-devel-linux-x86_64-debian-gcc | 2.1.3 | 2.56 | 29.13 | 31.69 | NOTE | |
r-devel-linux-x86_64-fedora-clang | 2.1.3 | 52.41 | OK | |||
r-devel-linux-x86_64-fedora-gcc | 2.1.3 | 60.80 | OK | |||
r-devel-windows-x86_64 | 2.1.3 | 4.00 | 61.00 | 65.00 | OK | |
r-patched-linux-x86_64 | 2.1.3 | 3.45 | 36.94 | 40.39 | OK | |
r-release-linux-x86_64 | 2.1.3 | 3.37 | 36.56 | 39.93 | OK | |
r-release-macos-arm64 | 2.1.3 | 27.00 | OK | |||
r-release-macos-x86_64 | 2.1.3 | 40.00 | OK | |||
r-release-windows-x86_64 | 2.1.3 | 6.00 | 96.00 | 102.00 | OK | |
r-oldrel-macos-arm64 | 2.1.3 | 23.00 | OK | |||
r-oldrel-macos-x86_64 | 2.1.3 | 26.00 | OK | |||
r-oldrel-windows-x86_64 | 2.1.3 | 5.00 | 56.00 | 61.00 | OK |
Version: 2.1.3
Check: Rd files
Result: NOTE
checkRd: (-1) wordpiece_cache_dir.Rd:16-17: Lost braces in \itemize; meant \describe ?
checkRd: (-1) wordpiece_cache_dir.Rd:18-19: Lost braces in \itemize; meant \describe ?
checkRd: (-1) wordpiece_cache_dir.Rd:20-21: Lost braces in \itemize; meant \describe ?
Flavors: r-devel-linux-x86_64-debian-clang, r-devel-linux-x86_64-debian-gcc