CRAN Package Check Results for Package womblR

Last updated on 2024-02-27 04:50:54 CET.

Flavor Version Tinstall Tcheck Ttotal Status Flags
r-devel-linux-x86_64-debian-clang 1.0.5 284.46 308.68 593.14 OK
r-devel-linux-x86_64-debian-gcc 1.0.5 212.02 229.08 441.10 OK
r-devel-linux-x86_64-fedora-clang 1.0.5 787.83 OK
r-devel-linux-x86_64-fedora-gcc 1.0.5 770.13 OK
r-devel-windows-x86_64 1.0.5 198.00 232.00 430.00 OK
r-patched-linux-x86_64 1.0.5 269.28 285.32 554.60 OK
r-release-linux-x86_64 1.0.5 258.89 287.07 545.96 OK
r-release-macos-arm64 1.0.5 212.00 NOTE
r-release-macos-x86_64 1.0.5 364.00 NOTE
r-release-windows-x86_64 1.0.5 258.00 290.00 548.00 OK
r-oldrel-macos-arm64 1.0.5 173.00 NOTE
r-oldrel-windows-x86_64 1.0.5 247.00 245.00 492.00 OK

Check Details

Version: 1.0.5
Check: installed package size
Result: NOTE installed size is 9.2Mb sub-directories of 1Mb or more: libs 8.5Mb Flavors: r-release-macos-arm64, r-release-macos-x86_64, r-oldrel-macos-arm64

Version: 1.0.5
Check: package dependencies
Result: NOTE Package suggested but not available for checking: ‘classInt’ Flavor: r-release-macos-x86_64