Last updated on 2023-12-03 04:56:25 CET.
Flavor | Version | Tinstall | Tcheck | Ttotal | Status | Flags |
---|---|---|---|---|---|---|
r-devel-linux-x86_64-debian-clang | 0.1.3 | 96.05 | 37.84 | 133.89 | NOTE | |
r-devel-linux-x86_64-debian-gcc | 0.1.3 | 74.78 | 28.75 | 103.53 | NOTE | |
r-devel-linux-x86_64-fedora-clang | 0.1.3 | 211.74 | NOTE | |||
r-devel-linux-x86_64-fedora-gcc | 0.1.3 | 221.24 | NOTE | |||
r-devel-windows-x86_64 | 0.1.3 | 75.00 | 77.00 | 152.00 | NOTE | |
r-patched-linux-x86_64 | 0.1.3 | 91.34 | 35.92 | 127.26 | NOTE | |
r-release-linux-x86_64 | 0.1.3 | 89.55 | 36.71 | 126.26 | NOTE | |
r-release-macos-arm64 | 0.1.3 | 54.00 | NOTE | |||
r-release-macos-x86_64 | 0.1.3 | 84.00 | NOTE | |||
r-release-windows-x86_64 | 0.1.3 | 101.00 | 89.00 | 190.00 | NOTE | |
r-oldrel-macos-arm64 | 0.1.3 | 50.00 | OK | |||
r-oldrel-macos-x86_64 | 0.1.3 | 63.00 | OK | |||
r-oldrel-windows-x86_64 | 0.1.3 | 91.00 | 78.00 | 169.00 | OK |
Version: 0.1.3
Check: C++ specification
Result: NOTE
Specified C++11: please drop specification unless essential
Flavors: r-devel-linux-x86_64-debian-clang, r-devel-linux-x86_64-debian-gcc, r-devel-linux-x86_64-fedora-clang, r-devel-linux-x86_64-fedora-gcc, r-devel-windows-x86_64, r-patched-linux-x86_64, r-release-linux-x86_64, r-release-macos-arm64, r-release-macos-x86_64, r-release-windows-x86_64