Last updated on 2023-12-01 04:54:14 CET.
Flavor | Version | Tinstall | Tcheck | Ttotal | Status | Flags |
---|---|---|---|---|---|---|
r-devel-linux-x86_64-debian-clang | 2.4.2 | 9.54 | 110.09 | 119.63 | OK | |
r-devel-linux-x86_64-debian-gcc | 2.4.2 | 8.30 | 79.76 | 88.06 | OK | |
r-devel-linux-x86_64-fedora-clang | 2.4.2 | 154.90 | NOTE | |||
r-devel-linux-x86_64-fedora-gcc | 2.4.2 | 166.66 | OK | |||
r-devel-windows-x86_64 | 2.4.2 | 13.00 | 96.00 | 109.00 | OK | |
r-patched-linux-x86_64 | 2.4.2 | 10.89 | 101.62 | 112.51 | OK | |
r-release-linux-x86_64 | 2.4.2 | 8.99 | 101.58 | 110.57 | OK | |
r-release-macos-arm64 | 2.4.2 | 50.00 | OK | |||
r-release-macos-x86_64 | 2.4.2 | 78.00 | OK | |||
r-release-windows-x86_64 | 2.4.2 | 17.00 | 118.00 | 135.00 | OK | |
r-oldrel-macos-arm64 | 2.4.2 | 44.00 | OK | |||
r-oldrel-macos-x86_64 | 2.4.2 | 70.00 | OK | |||
r-oldrel-windows-x86_64 | 2.4.2 | 17.00 | 118.00 | 135.00 | OK |
Version: 2.4.2
Check: package dependencies
Result: NOTE
Imports includes 31 non-default packages.
Importing from so many packages makes the package vulnerable to any of
them becoming unavailable. Move as many as possible to Suggests and
use conditionally.
Flavor: r-devel-linux-x86_64-fedora-clang