Last updated on 2023-12-09 04:51:11 CET.
Flavor | Version | Tinstall | Tcheck | Ttotal | Status | Flags |
---|---|---|---|---|---|---|
r-devel-linux-x86_64-debian-clang | 0.4.0 | 3.28 | 34.37 | 37.65 | OK | |
r-devel-linux-x86_64-debian-gcc | 0.4.0 | 2.70 | 26.94 | 29.64 | OK | |
r-devel-linux-x86_64-fedora-clang | 0.4.0 | 49.42 | NOTE | |||
r-devel-linux-x86_64-fedora-gcc | 0.4.0 | 57.05 | OK | |||
r-devel-windows-x86_64 | 0.4.0 | 5.00 | 51.00 | 56.00 | OK | |
r-patched-linux-x86_64 | 0.4.0 | 2.22 | 34.02 | 36.24 | OK | |
r-release-linux-x86_64 | 0.4.0 | 2.24 | 32.99 | 35.23 | OK | |
r-release-macos-arm64 | 0.4.0 | 28.00 | OK | |||
r-release-macos-x86_64 | 0.4.0 | 35.00 | OK | |||
r-release-windows-x86_64 | 0.4.0 | 5.00 | 55.00 | 60.00 | OK | |
r-oldrel-macos-arm64 | 0.4.0 | 22.00 | OK | |||
r-oldrel-macos-x86_64 | 0.4.0 | 34.00 | OK | |||
r-oldrel-windows-x86_64 | 0.4.0 | 6.00 | 54.00 | 60.00 | OK |
Version: 0.4.0
Check: Rd cross-references
Result: NOTE
Undeclared package ‘httr’ in Rd xrefs
Flavor: r-devel-linux-x86_64-fedora-clang