Last updated on 2023-12-07 04:56:42 CET.
Flavor | Version | Tinstall | Tcheck | Ttotal | Status | Flags |
---|---|---|---|---|---|---|
r-devel-linux-x86_64-debian-clang | 0.3.1 | 3.27 | 34.63 | 37.90 | NOTE | |
r-devel-linux-x86_64-debian-gcc | 0.3.1 | 2.65 | 27.34 | 29.99 | NOTE | |
r-devel-linux-x86_64-fedora-clang | 0.3.1 | 49.90 | NOTE | |||
r-devel-linux-x86_64-fedora-gcc | 0.3.1 | 56.49 | NOTE | |||
r-devel-windows-x86_64 | 0.3.1 | 4.00 | 51.00 | 55.00 | NOTE | |
r-patched-linux-x86_64 | 0.3.1 | 3.33 | 34.05 | 37.38 | NOTE | |
r-release-linux-x86_64 | 0.3.1 | 2.28 | 33.91 | 36.19 | NOTE | |
r-release-macos-arm64 | 0.3.1 | 28.00 | NOTE | |||
r-release-macos-x86_64 | 0.3.1 | 38.00 | NOTE | |||
r-release-windows-x86_64 | 0.3.1 | 5.00 | 54.00 | 59.00 | NOTE | |
r-oldrel-macos-arm64 | 0.3.1 | 19.00 | NOTE | |||
r-oldrel-macos-x86_64 | 0.3.1 | 28.00 | NOTE | |||
r-oldrel-windows-x86_64 | 0.3.1 | 5.00 | 54.00 | 59.00 | NOTE |
Version: 0.3.1
Check: LazyData
Result: NOTE
'LazyData' is specified without a 'data' directory
Flavors: r-devel-linux-x86_64-debian-clang, r-devel-linux-x86_64-debian-gcc, r-devel-linux-x86_64-fedora-clang, r-devel-linux-x86_64-fedora-gcc, r-devel-windows-x86_64, r-patched-linux-x86_64, r-release-linux-x86_64, r-release-macos-arm64, r-release-macos-x86_64, r-release-windows-x86_64, r-oldrel-macos-arm64, r-oldrel-macos-x86_64, r-oldrel-windows-x86_64