CRAN Package Check Results for Package weed

Last updated on 2023-12-04 05:09:26 CET.

Flavor Version Tinstall Tcheck Ttotal Status Flags
r-devel-linux-x86_64-debian-clang 1.1.2 2.38 31.04 33.42 OK
r-devel-linux-x86_64-debian-gcc 1.1.2 2.12 23.69 25.81 OK
r-devel-linux-x86_64-fedora-clang 1.1.2 43.99 NOTE
r-devel-linux-x86_64-fedora-gcc 1.1.2 39.91 NOTE
r-devel-windows-x86_64 1.1.2 4.00 49.00 53.00 OK
r-patched-linux-x86_64 1.1.2 2.27 30.37 32.64 OK
r-release-linux-x86_64 1.1.2 1.57 30.50 32.07 OK
r-release-macos-arm64 1.1.2 28.00 OK
r-release-macos-x86_64 1.1.2 39.00 OK
r-release-windows-x86_64 1.1.2 4.00 51.00 55.00 OK
r-oldrel-macos-arm64 1.1.2 30.00 OK
r-oldrel-macos-x86_64 1.1.2 40.00 OK
r-oldrel-windows-x86_64 1.1.2 4.00 53.00 57.00 OK

Check Details

Version: 1.1.2
Check: dependencies in R code
Result: NOTE Namespaces in Imports field not imported from: ‘here’ ‘tibble’ All declared Imports should be used. Flavors: r-devel-linux-x86_64-fedora-clang, r-devel-linux-x86_64-fedora-gcc