CRAN Package Check Results for Package webfakes

Last updated on 2024-06-14 05:58:44 CEST.

Flavor Version Tinstall Tcheck Ttotal Status Flags
r-devel-linux-x86_64-debian-clang 1.3.1 12.76 66.27 79.03 OK
r-devel-linux-x86_64-debian-gcc 1.3.1 10.10 32.05 42.15 ERROR
r-devel-linux-x86_64-fedora-clang 1.3.1 96.26 OK
r-devel-linux-x86_64-fedora-gcc 1.3.1 94.12 OK
r-devel-windows-x86_64 1.3.1 15.00 81.00 96.00 OK
r-patched-linux-x86_64 1.3.1 11.86 62.79 74.65 OK
r-release-linux-x86_64 1.3.1 12.23 62.21 74.44 OK
r-release-macos-arm64 1.3.1 44.00 OK
r-release-macos-x86_64 1.3.1 69.00 OK
r-release-windows-x86_64 1.3.1 17.00 83.00 100.00 OK
r-oldrel-macos-arm64 1.3.1 51.00 OK
r-oldrel-macos-x86_64 1.3.1 82.00 OK
r-oldrel-windows-x86_64 1.3.1 17.00 97.00 114.00 OK

Check Details

Version: 1.3.1
Check: package dependencies
Result: NOTE Package suggested but not available for checking: ‘testthat’ Flavor: r-devel-linux-x86_64-debian-gcc

Version: 1.3.1
Check: tests
Result: ERROR Running ‘testthat.R’ [0s/1s] Running the tests in ‘tests/testthat.R’ failed. Complete output: > library(testthat) Error in library(testthat) : there is no package called 'testthat' Execution halted Flavor: r-devel-linux-x86_64-debian-gcc