CRAN Package Check Results for Package webdriver

Last updated on 2024-06-14 05:58:44 CEST.

Flavor Version Tinstall Tcheck Ttotal Status Flags
r-devel-linux-x86_64-debian-clang 1.0.6 5.39 34.97 40.36 NOTE
r-devel-linux-x86_64-debian-gcc 1.0.6 4.29 26.61 30.90 ERROR
r-devel-linux-x86_64-fedora-clang 1.0.6 53.00 NOTE
r-devel-linux-x86_64-fedora-gcc 1.0.6 49.92 NOTE
r-devel-windows-x86_64 1.0.6 6.00 48.00 54.00 NOTE
r-patched-linux-x86_64 1.0.6 7.29 34.59 41.88 NOTE
r-release-linux-x86_64 1.0.6 5.54 34.04 39.58 NOTE
r-release-macos-arm64 1.0.6 20.00 NOTE
r-release-macos-x86_64 1.0.6 29.00 NOTE
r-release-windows-x86_64 1.0.6 6.00 50.00 56.00 NOTE
r-oldrel-macos-arm64 1.0.6 22.00 NOTE
r-oldrel-macos-x86_64 1.0.6 27.00 NOTE
r-oldrel-windows-x86_64 1.0.6 8.00 52.00 60.00 NOTE

Check Details

Version: 1.0.6
Check: Rd files
Result: NOTE checkRd: (-1) Session.Rd:146: Lost braces 146 | sQuote{page load} timeout specifies a time to wait for the page loading | ^ Flavors: r-devel-linux-x86_64-debian-clang, r-devel-linux-x86_64-debian-gcc, r-devel-linux-x86_64-fedora-clang, r-devel-linux-x86_64-fedora-gcc, r-devel-windows-x86_64, r-patched-linux-x86_64, r-release-linux-x86_64, r-release-macos-arm64, r-release-macos-x86_64, r-release-windows-x86_64

Version: 1.0.6
Check: LazyData
Result: NOTE 'LazyData' is specified without a 'data' directory Flavors: r-devel-linux-x86_64-debian-clang, r-devel-linux-x86_64-debian-gcc, r-devel-linux-x86_64-fedora-clang, r-devel-linux-x86_64-fedora-gcc, r-devel-windows-x86_64, r-patched-linux-x86_64, r-release-linux-x86_64, r-release-macos-arm64, r-release-macos-x86_64, r-release-windows-x86_64, r-oldrel-macos-arm64, r-oldrel-macos-x86_64, r-oldrel-windows-x86_64

Version: 1.0.6
Check: package dependencies
Result: NOTE Package suggested but not available for checking: ‘testthat’ Flavor: r-devel-linux-x86_64-debian-gcc

Version: 1.0.6
Check: tests
Result: ERROR Running ‘testthat.R’ [0s/1s] Running the tests in ‘tests/testthat.R’ failed. Complete output: > library(testthat) Error in library(testthat) : there is no package called 'testthat' Execution halted Flavor: r-devel-linux-x86_64-debian-gcc