CRAN Package Check Results for Package wdnr.gis

Last updated on 2023-12-02 04:52:34 CET.

Flavor Version Tinstall Tcheck Ttotal Status Flags
r-devel-linux-x86_64-debian-clang 0.1.5 7.26 75.18 82.44 OK
r-devel-linux-x86_64-debian-gcc 0.1.5 6.60 54.92 61.52 OK
r-devel-linux-x86_64-fedora-clang 0.1.5 106.80 NOTE
r-devel-linux-x86_64-fedora-gcc 0.1.5 106.48 NOTE
r-devel-windows-x86_64 0.1.5 8.00 76.00 84.00 OK
r-patched-linux-x86_64 0.1.5 10.48 70.76 81.24 OK
r-release-linux-x86_64 0.1.5 5.03 69.59 74.62 OK
r-release-macos-arm64 0.1.5 37.00 OK
r-release-macos-x86_64 0.1.5 69.00 OK
r-release-windows-x86_64 0.1.5 11.00 91.00 102.00 OK
r-oldrel-macos-arm64 0.1.5 46.00 OK
r-oldrel-macos-x86_64 0.1.4 43.00 NOTE
r-oldrel-windows-x86_64 0.1.5 11.00 89.00 100.00 OK

Check Details

Version: 0.1.5
Check: dependencies in R code
Result: NOTE Namespace in Imports field not imported from: ‘ggplot2’ All declared Imports should be used. Flavors: r-devel-linux-x86_64-fedora-clang, r-devel-linux-x86_64-fedora-gcc

Version: 0.1.4
Check: dependencies in R code
Result: NOTE Namespaces in Imports field not imported from: ‘ggplot2’ ‘httr’ ‘jsonlite’ All declared Imports should be used. Flavor: r-oldrel-macos-x86_64