Last updated on 2023-12-07 04:56:41 CET.
Flavor | Version | Tinstall | Tcheck | Ttotal | Status | Flags |
---|---|---|---|---|---|---|
r-devel-linux-x86_64-debian-clang | 0.6 | 7.37 | 47.47 | 54.84 | NOTE | |
r-devel-linux-x86_64-debian-gcc | 0.6 | 5.33 | 36.55 | 41.88 | NOTE | |
r-devel-linux-x86_64-fedora-clang | 0.6 | 70.92 | OK | |||
r-devel-linux-x86_64-fedora-gcc | 0.6 | 74.53 | OK | |||
r-devel-windows-x86_64 | 0.6 | 11.00 | 63.00 | 74.00 | OK | |
r-patched-linux-x86_64 | 0.6 | 7.67 | 46.00 | 53.67 | OK | |
r-release-linux-x86_64 | 0.6 | 7.30 | 45.99 | 53.29 | OK | |
r-release-macos-arm64 | 0.6 | 35.00 | OK | |||
r-release-macos-x86_64 | 0.6 | 48.00 | OK | |||
r-release-windows-x86_64 | 0.6 | 11.00 | 68.00 | 79.00 | OK | |
r-oldrel-macos-arm64 | 0.6 | 29.00 | OK | |||
r-oldrel-macos-x86_64 | 0.6 | 37.00 | OK | |||
r-oldrel-windows-x86_64 | 0.6 | 12.00 | 72.00 | 84.00 | OK |
Version: 0.6
Check: Rd files
Result: NOTE
checkRd: (-1) plot_wbaconmv.Rd:23: Lost braces
23 | \item{pch}{plot character of outliers, code{[integer]} (default:
| ^
Flavors: r-devel-linux-x86_64-debian-clang, r-devel-linux-x86_64-debian-gcc