CRAN Package Check Results for Package watson

Last updated on 2024-03-02 04:48:38 CET.

Flavor Version Tinstall Tcheck Ttotal Status Flags
r-devel-linux-x86_64-debian-clang 0.4 88.71 30.03 118.74 OK
r-devel-linux-x86_64-debian-gcc 0.4 69.16 22.95 92.11 OK
r-devel-linux-x86_64-fedora-clang 0.4 165.53 OK
r-devel-linux-x86_64-fedora-gcc 0.4 171.22 OK
r-devel-windows-x86_64 0.4 62.00 67.00 129.00 OK
r-patched-linux-x86_64 0.4 87.91 29.41 117.32 OK
r-release-linux-x86_64 0.4 85.97 29.26 115.23 OK
r-release-macos-arm64 0.4 44.00 NOTE
r-release-macos-x86_64 0.4 56.00 NOTE
r-release-windows-x86_64 0.4 59.00 73.00 132.00 OK
r-oldrel-macos-arm64 0.4 46.00 NOTE
r-oldrel-windows-x86_64 0.4 77.00 72.00 149.00 OK

Check Details

Version: 0.4
Check: installed package size
Result: NOTE installed size is 5.9Mb sub-directories of 1Mb or more: libs 5.8Mb Flavors: r-release-macos-arm64, r-release-macos-x86_64, r-oldrel-macos-arm64