Last updated on 2023-12-01 04:54:14 CET.
Flavor | Version | Tinstall | Tcheck | Ttotal | Status | Flags |
---|---|---|---|---|---|---|
r-devel-linux-x86_64-debian-clang | 1.1.29 | 53.15 | 253.93 | 307.08 | OK | |
r-devel-linux-x86_64-debian-gcc | 1.1.29 | 39.76 | 184.46 | 224.22 | OK | |
r-devel-linux-x86_64-fedora-clang | 1.1.29 | 407.45 | NOTE | |||
r-devel-linux-x86_64-fedora-gcc | 1.1.29 | 396.37 | OK | |||
r-devel-windows-x86_64 | 1.1.29 | 43.00 | 234.00 | 277.00 | NOTE | |
r-patched-linux-x86_64 | 1.1.29 | 40.06 | 240.34 | 280.40 | OK | |
r-release-linux-x86_64 | 1.1.29 | 52.44 | 238.79 | 291.23 | OK | |
r-release-macos-arm64 | 1.1.29 | 116.00 | NOTE | |||
r-release-macos-x86_64 | 1.1.29 | 230.00 | NOTE | |||
r-release-windows-x86_64 | 1.1.29 | 59.00 | 291.00 | 350.00 | NOTE | |
r-oldrel-macos-arm64 | 1.1.29 | 117.00 | NOTE | |||
r-oldrel-macos-x86_64 | 1.1.29 | 154.00 | NOTE | |||
r-oldrel-windows-x86_64 | 1.1.29 | 56.00 | 259.00 | 315.00 | NOTE |
Version: 1.1.29
Check: installed package size
Result: NOTE
installed size is 8.2Mb
sub-directories of 1Mb or more:
R 1.1Mb
doc 6.4Mb
Flavors: r-devel-linux-x86_64-fedora-clang, r-devel-windows-x86_64, r-release-macos-arm64, r-release-macos-x86_64, r-release-windows-x86_64, r-oldrel-macos-arm64, r-oldrel-macos-x86_64, r-oldrel-windows-x86_64