CRAN Package Check Results for Package warbleR

Last updated on 2024-07-19 05:57:49 CEST.

Flavor Version Tinstall Tcheck Ttotal Status Flags
r-devel-linux-x86_64-debian-clang 1.1.30 49.69 281.94 331.63 OK
r-devel-linux-x86_64-debian-gcc 1.1.30 36.20 196.58 232.78 OK
r-devel-linux-x86_64-fedora-clang 1.1.31 381.14 NOTE
r-devel-linux-x86_64-fedora-gcc 1.1.31 378.91 OK
r-devel-windows-x86_64 1.1.30 41.00 235.00 276.00 NOTE
r-patched-linux-x86_64 1.1.30 50.42 266.80 317.22 OK
r-release-linux-x86_64 1.1.30 32.54 263.99 296.53 OK
r-release-macos-arm64 1.1.31 124.00 ERROR
r-release-macos-x86_64 1.1.31 248.00 ERROR
r-release-windows-x86_64 1.1.30 48.00 245.00 293.00 NOTE
r-oldrel-macos-arm64 1.1.31 126.00 ERROR
r-oldrel-macos-x86_64 1.1.31 250.00 ERROR
r-oldrel-windows-x86_64 1.1.30 63.00 309.00 372.00 NOTE

Additional issues

M1mac

Check Details

Version: 1.1.31
Check: installed package size
Result: NOTE installed size is 8.7Mb sub-directories of 1Mb or more: doc 7.2Mb Flavors: r-devel-linux-x86_64-fedora-clang, r-release-macos-arm64, r-release-macos-x86_64, r-oldrel-macos-arm64, r-oldrel-macos-x86_64

Version: 1.1.30
Check: installed package size
Result: NOTE installed size is 9.0Mb sub-directories of 1Mb or more: R 1.1Mb doc 6.3Mb Flavors: r-devel-windows-x86_64, r-release-windows-x86_64, r-oldrel-windows-x86_64

Version: 1.1.31
Check: re-building of vignette outputs
Result: ERROR Error(s) in re-building vignettes: --- re-building ‘annotation_data_format.Rmd’ using rmarkdown sh: wget: command not found Quitting from lines 681-694 [downloading rds] (annotation_data_format.Rmd) Error: processing vignette 'annotation_data_format.Rmd' failed with diagnostics: 'wget' call had nonzero exit status --- failed re-building ‘annotation_data_format.Rmd’ --- re-building ‘warbleR.Rmd’ using rmarkdown --- finished re-building ‘warbleR.Rmd’ --- re-building ‘warbleR_workflow_01.Rmd’ using rmarkdown --- finished re-building ‘warbleR_workflow_01.Rmd’ --- re-building ‘warbleR_workflow_02.Rmd’ using rmarkdown --- finished re-building ‘warbleR_workflow_02.Rmd’ --- re-building ‘warbleR_workflow_03.Rmd’ using rmarkdown --- finished re-building ‘warbleR_workflow_03.Rmd’ SUMMARY: processing the following file failed: ‘annotation_data_format.Rmd’ Error: Vignette re-building failed. Execution halted Flavors: r-release-macos-arm64, r-release-macos-x86_64

Version: 1.1.31
Check: running R code from vignettes
Result: ERROR Errors in running code in vignettes: when running code in ‘annotation_data_format.Rmd’ ... > download.file(url = URL, destfile = file.path(tempdir(), + "est_inquiry.RDS"), method = "wget") sh: wget: command not found When sourcing ‘annotation_data_format.R’: Error: 'wget' call had nonzero exit status In addition: Warning message: In system(paste("wget", paste(extra, collapse = " "), shQuote(url), : error in running command Execution halted ‘annotation_data_format.Rmd’ using ‘UTF-8’... failed ‘warbleR.Rmd’ using ‘UTF-8’... [1s/1s] OK ‘warbleR_workflow_01.Rmd’ using ‘UTF-8’... [1s/1s] OK ‘warbleR_workflow_02.Rmd’ using ‘UTF-8’... [1s/1s] OK ‘warbleR_workflow_03.Rmd’ using ‘UTF-8’... [1s/1s] OK Flavor: r-oldrel-macos-arm64

Version: 1.1.31
Check: re-building of vignette outputs
Result: NOTE Error(s) in re-building vignettes: --- re-building ‘annotation_data_format.Rmd’ using rmarkdown sh: wget: command not found Quitting from lines 681-694 [downloading rds] (annotation_data_format.Rmd) Error: processing vignette 'annotation_data_format.Rmd' failed with diagnostics: 'wget' call had nonzero exit status --- failed re-building ‘annotation_data_format.Rmd’ --- re-building ‘warbleR.Rmd’ using rmarkdown --- finished re-building ‘warbleR.Rmd’ --- re-building ‘warbleR_workflow_01.Rmd’ using rmarkdown --- finished re-building ‘warbleR_workflow_01.Rmd’ --- re-building ‘warbleR_workflow_02.Rmd’ using rmarkdown --- finished re-building ‘warbleR_workflow_02.Rmd’ --- re-building ‘warbleR_workflow_03.Rmd’ using rmarkdown --- finished re-building ‘warbleR_workflow_03.Rmd’ SUMMARY: processing the following file failed: ‘annotation_data_format.Rmd’ Error: Vignette re-building failed. Execution halted Flavors: r-oldrel-macos-arm64, r-oldrel-macos-x86_64

Version: 1.1.31
Check: running R code from vignettes
Result: ERROR Errors in running code in vignettes: when running code in ‘annotation_data_format.Rmd’ ... > download.file(url = URL, destfile = file.path(tempdir(), + "est_inquiry.RDS"), method = "wget") sh: wget: command not found When sourcing ‘annotation_data_format.R’: Error: 'wget' call had nonzero exit status In addition: Warning message: In system(paste("wget", paste(extra, collapse = " "), shQuote(url), : error in running command Execution halted ‘annotation_data_format.Rmd’ using ‘UTF-8’... failed ‘warbleR.Rmd’ using ‘UTF-8’... [2s/2s] OK ‘warbleR_workflow_01.Rmd’ using ‘UTF-8’... [1s/2s] OK ‘warbleR_workflow_02.Rmd’ using ‘UTF-8’... [1s/2s] OK ‘warbleR_workflow_03.Rmd’ using ‘UTF-8’... [1s/2s] OK Flavor: r-oldrel-macos-x86_64