CRAN Package Check Results for Package walmartAPI

Last updated on 2023-12-09 04:51:11 CET.

Flavor Version Tinstall Tcheck Ttotal Status Flags
r-devel-linux-x86_64-debian-clang 0.1.5 1.90 22.63 24.53 NOTE
r-devel-linux-x86_64-debian-gcc 0.1.5 1.75 17.77 19.52 NOTE
r-devel-linux-x86_64-fedora-clang 0.1.5 31.74 NOTE
r-devel-linux-x86_64-fedora-gcc 0.1.5 29.37 NOTE
r-devel-windows-x86_64 0.1.5 4.00 41.00 45.00 NOTE
r-patched-linux-x86_64 0.1.5 2.22 22.11 24.33 NOTE
r-release-linux-x86_64 0.1.5 2.17 22.10 24.27 NOTE
r-release-macos-arm64 0.1.5 15.00 NOTE
r-release-macos-x86_64 0.1.5 19.00 NOTE
r-release-windows-x86_64 0.1.5 4.00 41.00 45.00 NOTE
r-oldrel-macos-arm64 0.1.5 15.00 NOTE
r-oldrel-macos-x86_64 0.1.5 27.00 NOTE
r-oldrel-windows-x86_64 0.1.5 4.00 42.00 46.00 NOTE

Check Details

Version: 0.1.5
Check: LazyData
Result: NOTE 'LazyData' is specified without a 'data' directory Flavors: r-devel-linux-x86_64-debian-clang, r-devel-linux-x86_64-debian-gcc, r-devel-linux-x86_64-fedora-clang, r-devel-linux-x86_64-fedora-gcc, r-devel-windows-x86_64, r-patched-linux-x86_64, r-release-linux-x86_64, r-release-macos-arm64, r-release-macos-x86_64, r-release-windows-x86_64, r-oldrel-macos-arm64, r-oldrel-macos-x86_64, r-oldrel-windows-x86_64