Last updated on 2023-12-07 04:56:42 CET.
Flavor | Version | Tinstall | Tcheck | Ttotal | Status | Flags |
---|---|---|---|---|---|---|
r-devel-linux-x86_64-debian-clang | 2.0.2 | 6.56 | 53.62 | 60.18 | NOTE | |
r-devel-linux-x86_64-debian-gcc | 2.0.2 | 5.05 | 40.23 | 45.28 | NOTE | |
r-devel-linux-x86_64-fedora-clang | 2.0.2 | 80.34 | NOTE | |||
r-devel-linux-x86_64-fedora-gcc | 2.0.2 | 75.79 | NOTE | |||
r-devel-windows-x86_64 | 2.0.2 | 7.00 | 66.00 | 73.00 | NOTE | |
r-patched-linux-x86_64 | 2.0.2 | 4.20 | 49.82 | 54.02 | OK | |
r-release-linux-x86_64 | 2.0.2 | 4.40 | 49.81 | 54.21 | OK | |
r-release-macos-arm64 | 2.0.2 | 26.00 | OK | |||
r-release-macos-x86_64 | 2.0.2 | 37.00 | OK | |||
r-release-windows-x86_64 | 2.0.2 | 9.00 | 71.00 | 80.00 | OK | |
r-oldrel-macos-arm64 | 2.0.2 | 22.00 | OK | |||
r-oldrel-macos-x86_64 | 2.0.2 | 37.00 | OK | |||
r-oldrel-windows-x86_64 | 2.0.2 | 9.00 | 69.00 | 78.00 | OK |
Version: 2.0.2
Check: Rd \usage sections
Result: NOTE
Documented arguments not in \usage in Rd file 'Cut.off.Rd':
‘main’
Functions with \usage entries need to have the appropriate \alias
entries, and all their arguments documented.
The \usage entries must correspond to syntactically valid R code.
See chapter ‘Writing R documentation files’ in the ‘Writing R
Extensions’ manual.
Flavors: r-devel-linux-x86_64-debian-clang, r-devel-linux-x86_64-debian-gcc, r-devel-linux-x86_64-fedora-clang, r-devel-linux-x86_64-fedora-gcc, r-devel-windows-x86_64