CRAN Package Check Results for Package vstsr

Last updated on 2023-12-08 05:02:21 CET.

Flavor Version Tinstall Tcheck Ttotal Status Flags
r-devel-linux-x86_64-debian-clang 1.1.0 3.73 25.16 28.89 NOTE
r-devel-linux-x86_64-debian-gcc 1.1.0 2.91 20.16 23.07 NOTE
r-devel-linux-x86_64-fedora-clang 1.1.0 36.40 NOTE
r-devel-linux-x86_64-fedora-gcc 1.1.0 34.15 NOTE
r-devel-windows-x86_64 1.1.0 4.00 44.00 48.00 OK
r-patched-linux-x86_64 1.1.0 3.72 25.36 29.08 OK
r-release-linux-x86_64 1.1.0 3.60 24.69 28.29 OK
r-release-macos-arm64 1.1.0 18.00 OK
r-release-macos-x86_64 1.1.0 22.00 OK
r-release-windows-x86_64 1.1.0 5.00 44.00 49.00 OK
r-oldrel-macos-arm64 1.1.0 15.00 NOTE
r-oldrel-macos-x86_64 1.1.0 22.00 NOTE
r-oldrel-windows-x86_64 1.1.0 6.00 44.00 50.00 OK

Check Details

Version: 1.1.0
Check: Rd files
Result: NOTE checkRd: (-1) vsts_create_release.Rd:33: Lost braces in \itemize; meant \describe ? checkRd: (-1) vsts_create_release.Rd:34: Lost braces in \itemize; meant \describe ? Flavors: r-devel-linux-x86_64-debian-clang, r-devel-linux-x86_64-debian-gcc

Version: 1.1.0
Check: dependencies in R code
Result: NOTE Namespace in Imports field not imported from: ‘R6’ All declared Imports should be used. Flavors: r-devel-linux-x86_64-fedora-clang, r-devel-linux-x86_64-fedora-gcc, r-oldrel-macos-arm64, r-oldrel-macos-x86_64