Last updated on 2023-12-04 05:09:25 CET.
Flavor | Version | Tinstall | Tcheck | Ttotal | Status | Flags |
---|---|---|---|---|---|---|
r-devel-linux-x86_64-debian-clang | 1.3.10 | 28.29 | 286.09 | 314.38 | OK | |
r-devel-linux-x86_64-debian-gcc | 1.3.10 | 21.70 | 214.32 | 236.02 | OK | |
r-devel-linux-x86_64-fedora-clang | 1.3.10 | 342.53 | NOTE | |||
r-devel-linux-x86_64-fedora-gcc | 1.3.10 | 418.80 | OK | |||
r-devel-windows-x86_64 | 1.3.10 | 23.00 | 191.00 | 214.00 | OK | |
r-patched-linux-x86_64 | 1.3.10 | 22.40 | 278.92 | 301.32 | OK | |
r-release-linux-x86_64 | 1.3.10 | 19.17 | 279.18 | 298.35 | OK | |
r-release-macos-arm64 | 1.3.10 | 110.00 | OK | |||
r-release-macos-x86_64 | 1.3.10 | 289.00 | OK | |||
r-release-windows-x86_64 | 1.3.10 | 30.00 | 241.00 | 271.00 | OK | |
r-oldrel-macos-arm64 | 1.3.10 | 322.00 | OK | |||
r-oldrel-macos-x86_64 | 1.3.10 | 338.00 | OK | |||
r-oldrel-windows-x86_64 | 1.3.10 | 31.00 | 249.00 | 280.00 | OK |
Version: 1.3.10
Check: package dependencies
Result: NOTE
Imports includes 26 non-default packages.
Importing from so many packages makes the package vulnerable to any of
them becoming unavailable. Move as many as possible to Suggests and
use conditionally.
Flavor: r-devel-linux-x86_64-fedora-clang