CRAN Package Check Results for Package viscomp

Last updated on 2024-06-24 05:48:30 CEST.

Flavor Version Tinstall Tcheck Ttotal Status Flags
r-devel-linux-x86_64-debian-clang 1.0.0 16.83 223.45 240.28 NOTE
r-devel-linux-x86_64-debian-gcc 1.0.0 15.22 160.64 175.86 NOTE
r-devel-linux-x86_64-fedora-clang 1.0.0 304.41 NOTE
r-devel-linux-x86_64-fedora-gcc 1.0.0 296.35 NOTE
r-devel-windows-x86_64 1.0.0 19.00 170.00 189.00 NOTE
r-patched-linux-x86_64 1.0.0 17.89 212.42 230.31 NOTE
r-release-linux-x86_64 1.0.0 13.18 208.98 222.16 NOTE
r-release-macos-arm64 1.0.0 85.00 NOTE
r-release-macos-x86_64 1.0.0 148.00 NOTE
r-release-windows-x86_64 1.0.0 20.00 172.00 192.00 NOTE
r-oldrel-macos-arm64 1.0.0 85.00 OK
r-oldrel-macos-x86_64 1.0.0 137.00 OK
r-oldrel-windows-x86_64 1.0.0 22.00 214.00 236.00 OK

Check Details

Version: 1.0.0
Check: Rd files
Result: NOTE checkRd: (-1) compdesc.Rd:24: Lost braces in \itemize; \value handles \item{}{} directly checkRd: (-1) compdesc.Rd:25: Lost braces in \itemize; \value handles \item{}{} directly checkRd: (-1) compdesc.Rd:26: Lost braces in \itemize; \value handles \item{}{} directly checkRd: (-1) compdesc.Rd:27: Lost braces in \itemize; \value handles \item{}{} directly checkRd: (-1) compdesc.Rd:28: Lost braces in \itemize; \value handles \item{}{} directly checkRd: (-1) compdesc.Rd:29: Lost braces in \itemize; \value handles \item{}{} directly checkRd: (-1) compdesc.Rd:30: Lost braces in \itemize; \value handles \item{}{} directly checkRd: (-1) compdesc.Rd:31: Lost braces in \itemize; \value handles \item{}{} directly checkRd: (-1) compdesc.Rd:32: Lost braces in \itemize; \value handles \item{}{} directly Flavors: r-devel-linux-x86_64-debian-clang, r-devel-linux-x86_64-debian-gcc, r-devel-linux-x86_64-fedora-clang, r-devel-linux-x86_64-fedora-gcc, r-devel-windows-x86_64, r-patched-linux-x86_64, r-release-linux-x86_64, r-release-macos-arm64, r-release-macos-x86_64, r-release-windows-x86_64