CRAN Package Check Results for Package visTree

Last updated on 2023-11-30 04:53:11 CET.

Flavor Version Tinstall Tcheck Ttotal Status Flags
r-devel-linux-x86_64-debian-clang 0.8.1 7.91 85.70 93.61 OK
r-devel-linux-x86_64-debian-gcc 0.8.1 6.38 66.41 72.79 OK
r-devel-linux-x86_64-fedora-clang 0.8.1 119.49 NOTE
r-devel-linux-x86_64-fedora-gcc 0.8.1 125.23 NOTE
r-devel-windows-x86_64 0.8.1 8.00 88.00 96.00 OK
r-patched-linux-x86_64 0.8.1 7.58 83.91 91.49 OK
r-release-linux-x86_64 0.8.1 7.32 84.07 91.39 OK
r-release-macos-arm64 0.8.1 47.00 OK
r-release-macos-x86_64 0.8.1 75.00 OK
r-release-windows-x86_64 0.8.1 10.00 106.00 116.00 OK
r-oldrel-macos-arm64 0.8.1 41.00 NOTE
r-oldrel-macos-x86_64 0.8.1 56.00 NOTE
r-oldrel-windows-x86_64 0.8.1 10.00 102.00 112.00 OK

Check Details

Version: 0.8.1
Check: dependencies in R code
Result: NOTE Namespace in Imports field not imported from: ‘rpart’ All declared Imports should be used. Flavors: r-devel-linux-x86_64-fedora-clang, r-devel-linux-x86_64-fedora-gcc, r-oldrel-macos-arm64, r-oldrel-macos-x86_64